{"id":10872,"date":"2020-10-08T14:27:05","date_gmt":"2020-10-08T11:27:05","guid":{"rendered":"http:\/\/www.profexpo.ee\/foodfest\/?page_id=10872"},"modified":"2022-09-27T16:48:23","modified_gmt":"2022-09-27T13:48:23","slug":"programm-2","status":"publish","type":"page","link":"https:\/\/www.profexpo.ee\/foodfest\/programm-2\/","title":{"rendered":"Programm"},"content":{"rendered":"<h2>Toidumessi Tallinn FoodFest programm<\/h2>\n<table style=\"height: 360px; width: 100%; border-collapse: collapse;\">\n<tbody>\n<tr style=\"height: 24px;\">\n<td style=\"width: 20.8805%; height: 24px;\"><strong>Neljap\u00e4ev, 29. september<\/strong><\/td>\n<td style=\"width: 14.7986%; height: 24px;\" width=\"146\"><strong>\u00a0<\/strong><\/td>\n<td style=\"width: 199.426%; height: 24px;\" width=\"64\"><\/td>\n<\/tr>\n<tr style=\"height: 24px;\">\n<td style=\"width: 20.8805%; height: 24px;\">10:00-17:00<\/td>\n<td style=\"width: 14.7986%; height: 24px;\">Hall C \u2013 600<\/td>\n<td style=\"width: 199.426%; height: 24px;\">J\u00f5ulutoode 2022 \u2013 toodete hindamine<\/td>\n<\/tr>\n<tr style=\"height: 24px;\">\n<td style=\"width: 20.8805%; height: 24px;\">10:00-14:30<\/td>\n<td style=\"width: 14.7986%; height: 24px;\">Hall C \u2013 600<\/td>\n<td style=\"width: 199.426%; height: 24px;\">Noorkokk 2022 \u2013 finaal<\/td>\n<\/tr>\n<tr style=\"height: 24px;\">\n<td style=\"width: 20.8805%; height: 24px;\">12:00<\/td>\n<td style=\"width: 14.7986%; height: 24px;\">Hall C \u2013 600<\/td>\n<td style=\"width: 199.426%; height: 24px;\">Messi avamine<\/td>\n<\/tr>\n<tr style=\"height: 24px;\">\n<td style=\"width: 20.8805%; height: 24px;\">12:15<\/td>\n<td style=\"width: 14.7986%; height: 24px;\">Hall C \u2013 600<\/td>\n<td style=\"width: 199.426%; height: 24px;\">Aasta kokaraamat 2022 \u2013 v\u00f5itjate v\u00e4ljakuulutamine<\/td>\n<\/tr>\n<tr style=\"height: 24px;\">\n<td style=\"width: 20.8805%; height: 24px;\">16:00<\/td>\n<td style=\"width: 14.7986%; height: 24px;\">Hall C \u2013 600<\/td>\n<td style=\"width: 199.426%; height: 24px;\">Noorkokk 2022 autasustamine<\/td>\n<\/tr>\n<tr style=\"height: 24px;\">\n<td style=\"width: 20.8805%; height: 24px;\"><strong>Reede, 30. september<\/strong><\/td>\n<td style=\"width: 14.7986%; height: 24px;\"><\/td>\n<td style=\"width: 199.426%; height: 24px;\"><\/td>\n<\/tr>\n<tr style=\"height: 24px;\">\n<td style=\"width: 20.8805%; height: 24px;\">10:00-17:00<\/td>\n<td style=\"width: 14.7986%; height: 24px;\">Hall C \u2013 100<\/td>\n<td style=\"width: 199.426%; height: 24px;\">J\u00f5ulutoode 2022 \u2013 toodete hindamine<\/td>\n<\/tr>\n<tr style=\"height: 24px;\">\n<td style=\"width: 20.8805%; height: 24px;\">10:00-15:00<\/td>\n<td style=\"width: 14.7986%; height: 24px;\">Hall C \u2013 600<\/td>\n<td style=\"width: 199.426%; height: 24px;\">Aasta kokk 2022 \u2013 finaal<\/td>\n<\/tr>\n<tr style=\"height: 24px;\">\n<td style=\"width: 20.8805%; height: 24px;\">10:30-13:20<\/td>\n<td style=\"width: 14.7986%; height: 24px;\">Hall A1 \u2013 konverentsisaal<\/td>\n<td style=\"width: 199.426%; height: 24px;\">Eesti Toiduainet\u00f6\u00f6stuse Liidu 8. Koost\u00f6\u00f6 konverents \u201eTuulte p\u00f6\u00f6rises\u201c\u00a0 (eelregistreerimisega)<\/td>\n<\/tr>\n<tr style=\"height: 24px;\">\n<td style=\"width: 20.8805%; height: 24px;\"><\/td>\n<td style=\"width: 14.7986%; height: 24px;\"><\/td>\n<td style=\"width: 199.426%; height: 24px;\"><\/td>\n<\/tr>\n<tr style=\"height: 24px;\">\n<td style=\"width: 20.8805%; height: 24px;\"><strong>Laup\u00e4ev, 1. oktoober<\/strong><\/td>\n<td style=\"width: 14.7986%; height: 24px;\"><\/td>\n<td style=\"width: 199.426%; height: 24px;\"><\/td>\n<\/tr>\n<tr style=\"height: 24px;\">\n<td style=\"width: 20.8805%; height: 24px;\">10:00-17:00<\/td>\n<td style=\"width: 14.7986%; height: 24px;\">Hall C \u2013 100<\/td>\n<td style=\"width: 199.426%; height: 24px;\">J\u00f5ulutoode 2022 \u2013 toodete hindamine<\/td>\n<\/tr>\n<tr style=\"height: 24px;\">\n<td style=\"width: 20.8805%; height: 24px;\">11:00-15:00<\/td>\n<td style=\"width: 14.7986%; height: 24px;\">Hall C \u2013 600<\/td>\n<td style=\"width: 199.426%; height: 24px;\">Kooli- ja lasteaiatoitlustajate teabep\u00e4ev<\/td>\n<\/tr>\n<tr style=\"height: 24px;\">\n<td style=\"width: 20.8805%; height: 24px;\">12:00-16:00<\/td>\n<td style=\"width: 14.7986%; height: 24px;\">Hall B \u2013 113<\/td>\n<td style=\"width: 199.426%; height: 24px;\">XI Eesti Baarmenite Meistriv\u00f5istlused alkoholivabade kokteilide valmistamises<\/td>\n<\/tr>\n<\/tbody>\n<\/table>\n<h3 style=\"text-align: center;\"><strong>***<\/strong><\/h3>\n<h2><strong>Too oma tootev\u00f5istlus, konverents, seminar\u00a0messile!<br \/>\n<\/strong><strong>Siin programmis v\u00f5iks olla ka Sinu \u00fcritus.<\/strong><\/h2>\n<p>V\u00f5ta meiega \u00fchendust ja uuri v\u00f5imalusi!<br \/>\nKennet Sarv, programmi koordinaator<br \/>\n626 1347, 52 71 095,\u00a0<a href=\"mailto:Kennet.Sarv@profexpo.ee\">Kennet.Sarv (at) profexpo.ee<\/a><\/p>\n<p>&nbsp;<\/p>\n","protected":false},"excerpt":{"rendered":"Toidumessi Tallinn FoodFest programm Neljap\u00e4ev, 29. september \u00a0 10:00-17:00 Hall C \u2013 600 J\u00f5ulutoode 2022 \u2013 toodete hindamine 10:00-14:30 Hall C \u2013 600 Noorkokk 2022 \u2013 finaal 12:00 Hall C \u2013 600 Messi avamine 12:15 Hall C \u2013 600 Aasta kokaraamat 2022 \u2013 v\u00f5itjate v\u00e4ljakuulutamine 16:00 Hall C \u2013 600 Noorkokk 2022 autasustamine Reede, 30&#8230;. <a class=\"view-article\" href=\"https:\/\/www.profexpo.ee\/foodfest\/programm-2\/\">Loe edasi<\/a>","protected":false},"author":3,"featured_media":0,"parent":0,"menu_order":30,"comment_status":"closed","ping_status":"closed","template":"","meta":{"footnotes":""},"class_list":["post-10872","page","type-page","status-publish","hentry"],"yoast_head":"<!-- This site is optimized with the Yoast SEO plugin v24.7 - https:\/\/yoast.com\/wordpress\/plugins\/seo\/ -->\n<title>Programm - Tallinn FoodFest 2022<\/title>\n<meta name=\"robots\" content=\"index, follow, max-snippet:-1, max-image-preview:large, max-video-preview:-1\" \/>\n<link rel=\"canonical\" href=\"https:\/\/www.profexpo.ee\/foodfest\/programm-2\/\" \/>\n<meta property=\"og:locale\" content=\"et_EE\" \/>\n<meta property=\"og:type\" content=\"article\" \/>\n<meta property=\"og:title\" content=\"Programm - Tallinn FoodFest 2022\" \/>\n<meta property=\"og:description\" content=\"Toidumessi Tallinn FoodFest programm Neljap\u00e4ev, 29. september \u00a0 10:00-17:00 Hall C \u2013 600 J\u00f5ulutoode 2022 \u2013 toodete hindamine 10:00-14:30 Hall C \u2013 600 Noorkokk 2022 \u2013 finaal 12:00 Hall C \u2013 600 Messi avamine 12:15 Hall C \u2013 600 Aasta kokaraamat 2022 \u2013 v\u00f5itjate v\u00e4ljakuulutamine 16:00 Hall C \u2013 600 Noorkokk 2022 autasustamine Reede, 30.... Loe edasi\" \/>\n<meta property=\"og:url\" content=\"https:\/\/www.profexpo.ee\/foodfest\/programm-2\/\" \/>\n<meta property=\"og:site_name\" content=\"Tallinn FoodFest 2022\" \/>\n<meta property=\"article:modified_time\" content=\"2022-09-27T13:48:23+00:00\" \/>\n<meta name=\"twitter:card\" content=\"summary_large_image\" \/>\n<meta name=\"twitter:label1\" content=\"Est. reading time\" \/>\n\t<meta name=\"twitter:data1\" content=\"1 minut\" \/>\n<script type=\"application\/ld+json\" class=\"yoast-schema-graph\">{\"@context\":\"https:\/\/schema.org\",\"@graph\":[{\"@type\":\"WebPage\",\"@id\":\"https:\/\/www.profexpo.ee\/foodfest\/programm-2\/\",\"url\":\"https:\/\/www.profexpo.ee\/foodfest\/programm-2\/\",\"name\":\"Programm - Tallinn FoodFest 2022\",\"isPartOf\":{\"@id\":\"https:\/\/www.profexpo.ee\/foodfest\/#website\"},\"datePublished\":\"2020-10-08T11:27:05+00:00\",\"dateModified\":\"2022-09-27T13:48:23+00:00\",\"breadcrumb\":{\"@id\":\"https:\/\/www.profexpo.ee\/foodfest\/programm-2\/#breadcrumb\"},\"inLanguage\":\"et\",\"potentialAction\":[{\"@type\":\"ReadAction\",\"target\":[\"https:\/\/www.profexpo.ee\/foodfest\/programm-2\/\"]}]},{\"@type\":\"BreadcrumbList\",\"@id\":\"https:\/\/www.profexpo.ee\/foodfest\/programm-2\/#breadcrumb\",\"itemListElement\":[{\"@type\":\"ListItem\",\"position\":1,\"name\":\"Home\",\"item\":\"https:\/\/www.profexpo.ee\/foodfest\/\"},{\"@type\":\"ListItem\",\"position\":2,\"name\":\"Programm\"}]},{\"@type\":\"WebSite\",\"@id\":\"https:\/\/www.profexpo.ee\/foodfest\/#website\",\"url\":\"https:\/\/www.profexpo.ee\/foodfest\/\",\"name\":\"Tallinn FoodFest 2020\",\"description\":\"Tallinn FoodFest 2022\",\"potentialAction\":[{\"@type\":\"SearchAction\",\"target\":{\"@type\":\"EntryPoint\",\"urlTemplate\":\"https:\/\/www.profexpo.ee\/foodfest\/?s={search_term_string}\"},\"query-input\":{\"@type\":\"PropertyValueSpecification\",\"valueRequired\":true,\"valueName\":\"search_term_string\"}}],\"inLanguage\":\"et\"}]}<\/script>\n<!-- \/ Yoast SEO plugin. -->","yoast_head_json":{"title":"Programm - Tallinn FoodFest 2022","robots":{"index":"index","follow":"follow","max-snippet":"max-snippet:-1","max-image-preview":"max-image-preview:large","max-video-preview":"max-video-preview:-1"},"canonical":"https:\/\/www.profexpo.ee\/foodfest\/programm-2\/","og_locale":"et_EE","og_type":"article","og_title":"Programm - Tallinn FoodFest 2022","og_description":"Toidumessi Tallinn FoodFest programm Neljap\u00e4ev, 29. september \u00a0 10:00-17:00 Hall C \u2013 600 J\u00f5ulutoode 2022 \u2013 toodete hindamine 10:00-14:30 Hall C \u2013 600 Noorkokk 2022 \u2013 finaal 12:00 Hall C \u2013 600 Messi avamine 12:15 Hall C \u2013 600 Aasta kokaraamat 2022 \u2013 v\u00f5itjate v\u00e4ljakuulutamine 16:00 Hall C \u2013 600 Noorkokk 2022 autasustamine Reede, 30.... Loe edasi","og_url":"https:\/\/www.profexpo.ee\/foodfest\/programm-2\/","og_site_name":"Tallinn FoodFest 2022","article_modified_time":"2022-09-27T13:48:23+00:00","twitter_card":"summary_large_image","twitter_misc":{"Est. reading time":"1 minut"},"schema":{"@context":"https:\/\/schema.org","@graph":[{"@type":"WebPage","@id":"https:\/\/www.profexpo.ee\/foodfest\/programm-2\/","url":"https:\/\/www.profexpo.ee\/foodfest\/programm-2\/","name":"Programm - Tallinn FoodFest 2022","isPartOf":{"@id":"https:\/\/www.profexpo.ee\/foodfest\/#website"},"datePublished":"2020-10-08T11:27:05+00:00","dateModified":"2022-09-27T13:48:23+00:00","breadcrumb":{"@id":"https:\/\/www.profexpo.ee\/foodfest\/programm-2\/#breadcrumb"},"inLanguage":"et","potentialAction":[{"@type":"ReadAction","target":["https:\/\/www.profexpo.ee\/foodfest\/programm-2\/"]}]},{"@type":"BreadcrumbList","@id":"https:\/\/www.profexpo.ee\/foodfest\/programm-2\/#breadcrumb","itemListElement":[{"@type":"ListItem","position":1,"name":"Home","item":"https:\/\/www.profexpo.ee\/foodfest\/"},{"@type":"ListItem","position":2,"name":"Programm"}]},{"@type":"WebSite","@id":"https:\/\/www.profexpo.ee\/foodfest\/#website","url":"https:\/\/www.profexpo.ee\/foodfest\/","name":"Tallinn FoodFest 2020","description":"Tallinn FoodFest 2022","potentialAction":[{"@type":"SearchAction","target":{"@type":"EntryPoint","urlTemplate":"https:\/\/www.profexpo.ee\/foodfest\/?s={search_term_string}"},"query-input":{"@type":"PropertyValueSpecification","valueRequired":true,"valueName":"search_term_string"}}],"inLanguage":"et"}]}},"_links":{"self":[{"href":"https:\/\/www.profexpo.ee\/foodfest\/wp-json\/wp\/v2\/pages\/10872","targetHints":{"allow":["GET"]}}],"collection":[{"href":"https:\/\/www.profexpo.ee\/foodfest\/wp-json\/wp\/v2\/pages"}],"about":[{"href":"https:\/\/www.profexpo.ee\/foodfest\/wp-json\/wp\/v2\/types\/page"}],"author":[{"embeddable":true,"href":"https:\/\/www.profexpo.ee\/foodfest\/wp-json\/wp\/v2\/users\/3"}],"replies":[{"embeddable":true,"href":"https:\/\/www.profexpo.ee\/foodfest\/wp-json\/wp\/v2\/comments?post=10872"}],"version-history":[{"count":5,"href":"https:\/\/www.profexpo.ee\/foodfest\/wp-json\/wp\/v2\/pages\/10872\/revisions"}],"predecessor-version":[{"id":14310,"href":"https:\/\/www.profexpo.ee\/foodfest\/wp-json\/wp\/v2\/pages\/10872\/revisions\/14310"}],"wp:attachment":[{"href":"https:\/\/www.profexpo.ee\/foodfest\/wp-json\/wp\/v2\/media?parent=10872"}],"curies":[{"name":"wp","href":"https:\/\/api.w.org\/{rel}","templated":true}]}}