{"id":135,"date":"2016-03-15T09:41:12","date_gmt":"2016-03-15T07:41:12","guid":{"rendered":"http:\/\/www.profexpo.ee\/foodfest\/?page_id=135"},"modified":"2022-04-20T13:18:03","modified_gmt":"2022-04-20T10:18:03","slug":"kulastaja-profiil","status":"publish","type":"page","link":"https:\/\/www.profexpo.ee\/foodfest\/eksponendile\/kulastaja-profiil\/","title":{"rendered":"K\u00fclastaja profiil"},"content":{"rendered":"<h1><strong>Messik\u00fclastaja profiil<\/strong><\/h1>\n<p>Toidumess Tallinn FoodFest on Eesti suurim \u00e4rik\u00fclastajatele suunatud toiduvaldkonna eriala\u00fcritus. Mess pakub v\u00f5imaluse vahetuks kohtumiseks ligi 5000 valdkonna spetsialistiga Eestist. Lisaks on iga-aastast messi k\u00fclastamas kuni 300 k\u00fclastajat l\u00e4hiv\u00e4lismaalt. Messi \u00e4rik\u00fclastajate profiil annab t\u00e4psema pildi erialak\u00fclastajatest.<\/p>\n<p><strong>K\u00fclastajad Tallinn FoodFest 2018 &#8211; 8100, sh B2B 6250<br \/>\nK\u00fclastajad Tallinna Toidumess 2019 &#8211; ainult B2B\u00a07040<br \/>\n<\/strong><strong>K\u00fclastajad Tallinna Toidumess 2021 &#8211; ainult B2B 4630<\/strong><\/p>\n<p><strong><img loading=\"lazy\" decoding=\"async\" class=\"wp-image-9765 size-medium alignright\" src=\"https:\/\/www.profexpo.ee\/foodfest\/wp-content\/uploads\/2019\/11\/tff2019_marekmetslaid_1004-250x375.jpg\" alt=\"\" width=\"200\" height=\"300\" srcset=\"https:\/\/www.profexpo.ee\/foodfest\/wp-content\/uploads\/2019\/11\/tff2019_marekmetslaid_1004-250x375.jpg 250w, https:\/\/www.profexpo.ee\/foodfest\/wp-content\/uploads\/2019\/11\/tff2019_marekmetslaid_1004-768x1151.jpg 768w, https:\/\/www.profexpo.ee\/foodfest\/wp-content\/uploads\/2019\/11\/tff2019_marekmetslaid_1004-700x1049.jpg 700w, https:\/\/www.profexpo.ee\/foodfest\/wp-content\/uploads\/2019\/11\/tff2019_marekmetslaid_1004-450x674.jpg 450w, https:\/\/www.profexpo.ee\/foodfest\/wp-content\/uploads\/2019\/11\/tff2019_marekmetslaid_1004-900x1348.jpg 900w, https:\/\/www.profexpo.ee\/foodfest\/wp-content\/uploads\/2019\/11\/tff2019_marekmetslaid_1004-120x180.jpg 120w, https:\/\/www.profexpo.ee\/foodfest\/wp-content\/uploads\/2019\/11\/tff2019_marekmetslaid_1004.jpg 1367w\" sizes=\"auto, (max-width: 200px) 100vw, 200px\" \/><\/strong><\/p>\n<p><strong>K\u00fclastaja roll otsustamisel (2019):<\/strong><span style=\"color: #df047c;\"><strong><br \/>\n<span style=\"color: #184421;\">34%<\/span><\/strong><\/span> teeb ostuotsuseid<br \/>\n<span style=\"color: #184421;\"><strong>33%<\/strong><\/span> osaleb otsustamisel<br \/>\n<span style=\"color: #184421;\"><strong>14%<\/strong><\/span> ei tee ostuotsuseid<br \/>\n<span style=\"color: #184421;\"><strong>19%<\/strong><\/span> ei osale otsustamisel<\/p>\n<p><strong>\u00c4rik\u00fclastajate tegevusalad:<\/strong><br \/>\n<span style=\"color: #184421;\"><strong>37%<\/strong><\/span> toitlustus, hotellindus<br \/>\n<span style=\"color: #184421;\"><strong>19%<\/strong><\/span> toiduainet\u00f6\u00f6stus<br \/>\n<span style=\"color: #184421;\"><strong>18%<\/strong><\/span> import, hulgikaubandus<br \/>\n<span style=\"color: #184421;\"><strong>10%<\/strong><\/span> jaekaubandus<br \/>\n<span style=\"color: #184421;\"><strong>6%<\/strong><\/span> masinad, seadmed, sisustus ja teenindus<br \/>\n<span style=\"color: #184421;\"><strong>2%<\/strong><\/span> liidud, omavalitsused<br \/>\n<span style=\"color: #184421;\"><strong>8%<\/strong><\/span> muu tegevusala<\/p>\n<p><strong><span style=\"color: #000000;\">TOP 6 messik\u00fclastuse eesm\u00e4rki:<\/span><img loading=\"lazy\" decoding=\"async\" class=\"wp-image-9541 size-medium alignright\" src=\"https:\/\/www.profexpo.ee\/foodfest\/wp-content\/uploads\/2019\/11\/tff2019_marekmetslaid_0062-250x167.jpg\" alt=\"\" width=\"250\" height=\"167\" srcset=\"https:\/\/www.profexpo.ee\/foodfest\/wp-content\/uploads\/2019\/11\/tff2019_marekmetslaid_0062-250x167.jpg 250w, https:\/\/www.profexpo.ee\/foodfest\/wp-content\/uploads\/2019\/11\/tff2019_marekmetslaid_0062-768x513.jpg 768w, https:\/\/www.profexpo.ee\/foodfest\/wp-content\/uploads\/2019\/11\/tff2019_marekmetslaid_0062-700x467.jpg 700w, https:\/\/www.profexpo.ee\/foodfest\/wp-content\/uploads\/2019\/11\/tff2019_marekmetslaid_0062-450x300.jpg 450w, https:\/\/www.profexpo.ee\/foodfest\/wp-content\/uploads\/2019\/11\/tff2019_marekmetslaid_0062-900x601.jpg 900w, https:\/\/www.profexpo.ee\/foodfest\/wp-content\/uploads\/2019\/11\/tff2019_marekmetslaid_0062-120x80.jpg 120w, https:\/\/www.profexpo.ee\/foodfest\/wp-content\/uploads\/2019\/11\/tff2019_marekmetslaid_0062.jpg 2048w\" sizes=\"auto, (max-width: 250px) 100vw, 250px\" \/><\/strong><br \/>\n<span style=\"color: #184421;\"><strong>73%<\/strong><\/span> uudistoodetega tutvumine<br \/>\n<span style=\"color: #184421;\"><strong>68%<\/strong><\/span> \u00fcldise \u00fclevaate saamine turul toimuvast<br \/>\n<span style=\"color: #184421;\"><strong>53%<\/strong><\/span> uute firmadega\/pakkujatega tutvumine<br \/>\n<span style=\"color: #184421;\"><strong>46%<\/strong><\/span> info hankimine konkreetsete toodete\/teenuste kohta<br \/>\n<span style=\"color: #184421;\"><strong>43%<\/strong><\/span> erialaste teadmiste t\u00e4iendamine<br \/>\n<span style=\"color: #184421;\"><strong>26%<\/strong><\/span> oma eriala kolleegidega suhtlemine<\/p>\n<p><span style=\"color: #000000;\"><strong>K\u00fclastajad toidumessist:<\/strong><\/span><br \/>\n<span style=\"color: #ee3e1f;\"><span style=\"color: #102754;\"><span style=\"color: #184421;\"><strong>93% <\/strong><\/span><span style=\"color: #000000;\">arvab, et toidumessil on \u201ehea\u201c v\u00f5i \u201ev\u00e4ga hea\u201c maine<br \/>\n<\/span><\/span><\/span><span style=\"color: #ee3e1f;\"><span style=\"color: #102754;\"><img loading=\"lazy\" decoding=\"async\" class=\"wp-image-9725 size-medium alignright\" src=\"https:\/\/www.profexpo.ee\/foodfest\/wp-content\/uploads\/2019\/11\/tff2019_marekmetslaid_0772-250x167.jpg\" alt=\"\" width=\"250\" height=\"167\" srcset=\"https:\/\/www.profexpo.ee\/foodfest\/wp-content\/uploads\/2019\/11\/tff2019_marekmetslaid_0772-250x167.jpg 250w, https:\/\/www.profexpo.ee\/foodfest\/wp-content\/uploads\/2019\/11\/tff2019_marekmetslaid_0772-768x513.jpg 768w, https:\/\/www.profexpo.ee\/foodfest\/wp-content\/uploads\/2019\/11\/tff2019_marekmetslaid_0772-700x467.jpg 700w, https:\/\/www.profexpo.ee\/foodfest\/wp-content\/uploads\/2019\/11\/tff2019_marekmetslaid_0772-450x300.jpg 450w, https:\/\/www.profexpo.ee\/foodfest\/wp-content\/uploads\/2019\/11\/tff2019_marekmetslaid_0772-900x601.jpg 900w, https:\/\/www.profexpo.ee\/foodfest\/wp-content\/uploads\/2019\/11\/tff2019_marekmetslaid_0772-120x80.jpg 120w, https:\/\/www.profexpo.ee\/foodfest\/wp-content\/uploads\/2019\/11\/tff2019_marekmetslaid_0772.jpg 2048w\" sizes=\"auto, (max-width: 250px) 100vw, 250px\" \/><span style=\"color: #184421;\"><strong>90% <\/strong><\/span><span style=\"color: #000000;\">soovitab kolleegil messi k\u00fclastada<\/span><strong><br \/>\n<span style=\"color: #184421;\">90% <\/span><\/strong><span style=\"color: #000000;\">arvab, et toidumess on oluline Eesti toiduala eri sektoreid \u00fchendav \u00fcritus<br \/>\n<span style=\"color: #184421;\"><strong>88%<\/strong><\/span> j\u00e4i rahule messik\u00fclastusega<\/span><strong><br \/>\n<span style=\"color: #184421;\">86% <\/span><\/strong><span style=\"color: #000000;\">osaleb oma ettev\u00f5tte otsustusprotsessis<\/span><strong><br \/>\n<span style=\"color: #184421;\">86% <\/span><\/strong><span style=\"color: #000000;\">arvab, et toidumess on hea kanal leidmaks uusi tooteid v\u00f5i teenuseid<\/span><strong><br \/>\n<span style=\"color: #184421;\">85% <\/span><\/strong><span style=\"color: #000000;\">k\u00fclastab messi ka j\u00e4rgmine kord<\/span><strong><br \/>\n<span style=\"color: #184421;\">75%<\/span><\/strong><span style=\"color: #000000;\"> jaoks oli Tallinna mess ainus mess, mida aastas k\u00fclastati<\/span><strong><br \/>\n<span style=\"color: #184421;\">75%<\/span> <\/strong><span style=\"color: #000000;\">arvab, et on oluline k\u00fclastada toidumessi<\/span><strong><br \/>\n<\/strong><span style=\"color: #184421;\"><strong>68%<\/strong><\/span><span style=\"color: #000000;\"> leiab messilt infot, mida nad mujalt ei leia<\/span><strong><br \/>\n<span style=\"color: #184421;\">22%<\/span><\/strong><span style=\"color: #000000;\"> k\u00fclastajatest on uustulnukad \u2013 k\u00fclastas toidumessi esimest korda<\/span><\/span><\/span><\/p>\n<p>Keskmine k\u00fclastus messil <span style=\"color: #f6becd;\">3h 4min<\/span><\/p>\n<p><strong>Kust tuleb toidumessi k\u00fclastaja: <\/strong><span style=\"color: #000000;\">restoran \u2502 pubi \u2502 baar \u2502 kool \u2502 \u00fclikool \u2502 lasteaed \u2502 hotell \u2502 hooldekodu \u2502 hostel \u2502 laev \u2502 kinnipidamisasutus \u2502 haigla \u2502 toidut\u00f6\u00f6stus \u2502 joogit\u00f6\u00f6stus \u2502 kalat\u00f6\u00f6stus \u2502 lihat\u00f6\u00f6stus \u2502v\u00e4ikekauplus \u2502 kiosk \u2502 jaekett \u2502 hulgim\u00fc\u00fcja \u2502 maaletooja \u2502 pagarikoda \u2502 toit kaasa \u2502 kohvik \u2502 catering \u2502 pruulikoda \u2502 logistika \u2502 tankla \u2502 kino \u2502 spa \u2502 golfiklubi \u2502 l\u00f5unarestoran \u2502 vinoteek \u2502 kohvi r\u00f6stikoda \u2502 kaitsev\u00e4gi \u2502 ametikool \u2502 erialaliit \u2502 suurk\u00f6\u00f6k \u2502 m\u00f5is \u2502 turismitalu \u2502 muuseum \u2502 kasiino \u2502 ministeerium \u2502 KOV \u2502 press \u2502 ja mujalt&#8230;<\/span><\/p>\n","protected":false},"excerpt":{"rendered":"Messik\u00fclastaja profiil Toidumess Tallinn FoodFest on Eesti suurim \u00e4rik\u00fclastajatele suunatud toiduvaldkonna eriala\u00fcritus. Mess pakub v\u00f5imaluse vahetuks kohtumiseks ligi 5000 valdkonna spetsialistiga Eestist. Lisaks on iga-aastast messi k\u00fclastamas kuni 300 k\u00fclastajat l\u00e4hiv\u00e4lismaalt. Messi \u00e4rik\u00fclastajate profiil annab t\u00e4psema pildi erialak\u00fclastajatest. K\u00fclastajad Tallinn FoodFest 2018 &#8211; 8100, sh B2B 6250 K\u00fclastajad Tallinna Toidumess 2019 &#8211; ainult B2B\u00a07040 K\u00fclastajad&#8230; <a class=\"view-article\" href=\"https:\/\/www.profexpo.ee\/foodfest\/eksponendile\/kulastaja-profiil\/\">Loe edasi<\/a>","protected":false},"author":3,"featured_media":0,"parent":9,"menu_order":8,"comment_status":"closed","ping_status":"closed","template":"","meta":{"footnotes":""},"class_list":["post-135","page","type-page","status-publish","hentry"],"yoast_head":"<!-- This site is optimized with the Yoast SEO plugin v24.7 - https:\/\/yoast.com\/wordpress\/plugins\/seo\/ -->\n<title>K\u00fclastaja profiil - Tallinn FoodFest 2022<\/title>\n<meta name=\"robots\" content=\"index, follow, max-snippet:-1, max-image-preview:large, max-video-preview:-1\" \/>\n<link rel=\"canonical\" href=\"https:\/\/www.profexpo.ee\/foodfest\/eksponendile\/kulastaja-profiil\/\" \/>\n<meta property=\"og:locale\" content=\"et_EE\" \/>\n<meta property=\"og:type\" content=\"article\" \/>\n<meta property=\"og:title\" content=\"K\u00fclastaja profiil - Tallinn FoodFest 2022\" \/>\n<meta property=\"og:description\" content=\"Messik\u00fclastaja profiil Toidumess Tallinn FoodFest on Eesti suurim \u00e4rik\u00fclastajatele suunatud toiduvaldkonna eriala\u00fcritus. Mess pakub v\u00f5imaluse vahetuks kohtumiseks ligi 5000 valdkonna spetsialistiga Eestist. Lisaks on iga-aastast messi k\u00fclastamas kuni 300 k\u00fclastajat l\u00e4hiv\u00e4lismaalt. Messi \u00e4rik\u00fclastajate profiil annab t\u00e4psema pildi erialak\u00fclastajatest. K\u00fclastajad Tallinn FoodFest 2018 &#8211; 8100, sh B2B 6250 K\u00fclastajad Tallinna Toidumess 2019 &#8211; ainult B2B\u00a07040 K\u00fclastajad... Loe edasi\" \/>\n<meta property=\"og:url\" content=\"https:\/\/www.profexpo.ee\/foodfest\/eksponendile\/kulastaja-profiil\/\" \/>\n<meta property=\"og:site_name\" content=\"Tallinn FoodFest 2022\" \/>\n<meta property=\"article:modified_time\" content=\"2022-04-20T10:18:03+00:00\" \/>\n<meta property=\"og:image\" content=\"http:\/\/www.profexpo.ee\/foodfest\/wp-content\/uploads\/2019\/11\/tff2019_marekmetslaid_1004-250x375.jpg\" \/>\n<meta name=\"twitter:card\" content=\"summary_large_image\" \/>\n<meta name=\"twitter:label1\" content=\"Est. reading time\" \/>\n\t<meta name=\"twitter:data1\" content=\"3 minutit\" \/>\n<script type=\"application\/ld+json\" class=\"yoast-schema-graph\">{\"@context\":\"https:\/\/schema.org\",\"@graph\":[{\"@type\":\"WebPage\",\"@id\":\"https:\/\/www.profexpo.ee\/foodfest\/eksponendile\/kulastaja-profiil\/\",\"url\":\"https:\/\/www.profexpo.ee\/foodfest\/eksponendile\/kulastaja-profiil\/\",\"name\":\"K\u00fclastaja profiil - Tallinn FoodFest 2022\",\"isPartOf\":{\"@id\":\"https:\/\/www.profexpo.ee\/foodfest\/#website\"},\"primaryImageOfPage\":{\"@id\":\"https:\/\/www.profexpo.ee\/foodfest\/eksponendile\/kulastaja-profiil\/#primaryimage\"},\"image\":{\"@id\":\"https:\/\/www.profexpo.ee\/foodfest\/eksponendile\/kulastaja-profiil\/#primaryimage\"},\"thumbnailUrl\":\"http:\/\/www.profexpo.ee\/foodfest\/wp-content\/uploads\/2019\/11\/tff2019_marekmetslaid_1004-250x375.jpg\",\"datePublished\":\"2016-03-15T07:41:12+00:00\",\"dateModified\":\"2022-04-20T10:18:03+00:00\",\"breadcrumb\":{\"@id\":\"https:\/\/www.profexpo.ee\/foodfest\/eksponendile\/kulastaja-profiil\/#breadcrumb\"},\"inLanguage\":\"et\",\"potentialAction\":[{\"@type\":\"ReadAction\",\"target\":[\"https:\/\/www.profexpo.ee\/foodfest\/eksponendile\/kulastaja-profiil\/\"]}]},{\"@type\":\"ImageObject\",\"inLanguage\":\"et\",\"@id\":\"https:\/\/www.profexpo.ee\/foodfest\/eksponendile\/kulastaja-profiil\/#primaryimage\",\"url\":\"http:\/\/www.profexpo.ee\/foodfest\/wp-content\/uploads\/2019\/11\/tff2019_marekmetslaid_1004-250x375.jpg\",\"contentUrl\":\"http:\/\/www.profexpo.ee\/foodfest\/wp-content\/uploads\/2019\/11\/tff2019_marekmetslaid_1004-250x375.jpg\"},{\"@type\":\"BreadcrumbList\",\"@id\":\"https:\/\/www.profexpo.ee\/foodfest\/eksponendile\/kulastaja-profiil\/#breadcrumb\",\"itemListElement\":[{\"@type\":\"ListItem\",\"position\":1,\"name\":\"Home\",\"item\":\"https:\/\/www.profexpo.ee\/foodfest\/\"},{\"@type\":\"ListItem\",\"position\":2,\"name\":\"Eksponendile\",\"item\":\"https:\/\/www.profexpo.ee\/foodfest\/eksponendile\/\"},{\"@type\":\"ListItem\",\"position\":3,\"name\":\"K\u00fclastaja profiil\"}]},{\"@type\":\"WebSite\",\"@id\":\"https:\/\/www.profexpo.ee\/foodfest\/#website\",\"url\":\"https:\/\/www.profexpo.ee\/foodfest\/\",\"name\":\"Tallinn FoodFest 2020\",\"description\":\"Tallinn FoodFest 2022\",\"potentialAction\":[{\"@type\":\"SearchAction\",\"target\":{\"@type\":\"EntryPoint\",\"urlTemplate\":\"https:\/\/www.profexpo.ee\/foodfest\/?s={search_term_string}\"},\"query-input\":{\"@type\":\"PropertyValueSpecification\",\"valueRequired\":true,\"valueName\":\"search_term_string\"}}],\"inLanguage\":\"et\"}]}<\/script>\n<!-- \/ Yoast SEO plugin. -->","yoast_head_json":{"title":"K\u00fclastaja profiil - Tallinn FoodFest 2022","robots":{"index":"index","follow":"follow","max-snippet":"max-snippet:-1","max-image-preview":"max-image-preview:large","max-video-preview":"max-video-preview:-1"},"canonical":"https:\/\/www.profexpo.ee\/foodfest\/eksponendile\/kulastaja-profiil\/","og_locale":"et_EE","og_type":"article","og_title":"K\u00fclastaja profiil - Tallinn FoodFest 2022","og_description":"Messik\u00fclastaja profiil Toidumess Tallinn FoodFest on Eesti suurim \u00e4rik\u00fclastajatele suunatud toiduvaldkonna eriala\u00fcritus. Mess pakub v\u00f5imaluse vahetuks kohtumiseks ligi 5000 valdkonna spetsialistiga Eestist. Lisaks on iga-aastast messi k\u00fclastamas kuni 300 k\u00fclastajat l\u00e4hiv\u00e4lismaalt. Messi \u00e4rik\u00fclastajate profiil annab t\u00e4psema pildi erialak\u00fclastajatest. K\u00fclastajad Tallinn FoodFest 2018 &#8211; 8100, sh B2B 6250 K\u00fclastajad Tallinna Toidumess 2019 &#8211; ainult B2B\u00a07040 K\u00fclastajad... Loe edasi","og_url":"https:\/\/www.profexpo.ee\/foodfest\/eksponendile\/kulastaja-profiil\/","og_site_name":"Tallinn FoodFest 2022","article_modified_time":"2022-04-20T10:18:03+00:00","og_image":[{"url":"http:\/\/www.profexpo.ee\/foodfest\/wp-content\/uploads\/2019\/11\/tff2019_marekmetslaid_1004-250x375.jpg","type":"","width":"","height":""}],"twitter_card":"summary_large_image","twitter_misc":{"Est. reading time":"3 minutit"},"schema":{"@context":"https:\/\/schema.org","@graph":[{"@type":"WebPage","@id":"https:\/\/www.profexpo.ee\/foodfest\/eksponendile\/kulastaja-profiil\/","url":"https:\/\/www.profexpo.ee\/foodfest\/eksponendile\/kulastaja-profiil\/","name":"K\u00fclastaja profiil - Tallinn FoodFest 2022","isPartOf":{"@id":"https:\/\/www.profexpo.ee\/foodfest\/#website"},"primaryImageOfPage":{"@id":"https:\/\/www.profexpo.ee\/foodfest\/eksponendile\/kulastaja-profiil\/#primaryimage"},"image":{"@id":"https:\/\/www.profexpo.ee\/foodfest\/eksponendile\/kulastaja-profiil\/#primaryimage"},"thumbnailUrl":"http:\/\/www.profexpo.ee\/foodfest\/wp-content\/uploads\/2019\/11\/tff2019_marekmetslaid_1004-250x375.jpg","datePublished":"2016-03-15T07:41:12+00:00","dateModified":"2022-04-20T10:18:03+00:00","breadcrumb":{"@id":"https:\/\/www.profexpo.ee\/foodfest\/eksponendile\/kulastaja-profiil\/#breadcrumb"},"inLanguage":"et","potentialAction":[{"@type":"ReadAction","target":["https:\/\/www.profexpo.ee\/foodfest\/eksponendile\/kulastaja-profiil\/"]}]},{"@type":"ImageObject","inLanguage":"et","@id":"https:\/\/www.profexpo.ee\/foodfest\/eksponendile\/kulastaja-profiil\/#primaryimage","url":"http:\/\/www.profexpo.ee\/foodfest\/wp-content\/uploads\/2019\/11\/tff2019_marekmetslaid_1004-250x375.jpg","contentUrl":"http:\/\/www.profexpo.ee\/foodfest\/wp-content\/uploads\/2019\/11\/tff2019_marekmetslaid_1004-250x375.jpg"},{"@type":"BreadcrumbList","@id":"https:\/\/www.profexpo.ee\/foodfest\/eksponendile\/kulastaja-profiil\/#breadcrumb","itemListElement":[{"@type":"ListItem","position":1,"name":"Home","item":"https:\/\/www.profexpo.ee\/foodfest\/"},{"@type":"ListItem","position":2,"name":"Eksponendile","item":"https:\/\/www.profexpo.ee\/foodfest\/eksponendile\/"},{"@type":"ListItem","position":3,"name":"K\u00fclastaja profiil"}]},{"@type":"WebSite","@id":"https:\/\/www.profexpo.ee\/foodfest\/#website","url":"https:\/\/www.profexpo.ee\/foodfest\/","name":"Tallinn FoodFest 2020","description":"Tallinn FoodFest 2022","potentialAction":[{"@type":"SearchAction","target":{"@type":"EntryPoint","urlTemplate":"https:\/\/www.profexpo.ee\/foodfest\/?s={search_term_string}"},"query-input":{"@type":"PropertyValueSpecification","valueRequired":true,"valueName":"search_term_string"}}],"inLanguage":"et"}]}},"_links":{"self":[{"href":"https:\/\/www.profexpo.ee\/foodfest\/wp-json\/wp\/v2\/pages\/135","targetHints":{"allow":["GET"]}}],"collection":[{"href":"https:\/\/www.profexpo.ee\/foodfest\/wp-json\/wp\/v2\/pages"}],"about":[{"href":"https:\/\/www.profexpo.ee\/foodfest\/wp-json\/wp\/v2\/types\/page"}],"author":[{"embeddable":true,"href":"https:\/\/www.profexpo.ee\/foodfest\/wp-json\/wp\/v2\/users\/3"}],"replies":[{"embeddable":true,"href":"https:\/\/www.profexpo.ee\/foodfest\/wp-json\/wp\/v2\/comments?post=135"}],"version-history":[{"count":5,"href":"https:\/\/www.profexpo.ee\/foodfest\/wp-json\/wp\/v2\/pages\/135\/revisions"}],"predecessor-version":[{"id":13239,"href":"https:\/\/www.profexpo.ee\/foodfest\/wp-json\/wp\/v2\/pages\/135\/revisions\/13239"}],"up":[{"embeddable":true,"href":"https:\/\/www.profexpo.ee\/foodfest\/wp-json\/wp\/v2\/pages\/9"}],"wp:attachment":[{"href":"https:\/\/www.profexpo.ee\/foodfest\/wp-json\/wp\/v2\/media?parent=135"}],"curies":[{"name":"wp","href":"https:\/\/api.w.org\/{rel}","templated":true}]}}