{"id":2589,"date":"2016-09-24T14:38:56","date_gmt":"2016-09-24T11:38:56","guid":{"rendered":"http:\/\/www.profexpo.ee\/foodfest\/?page_id=2589"},"modified":"2022-09-27T12:12:46","modified_gmt":"2022-09-27T09:12:46","slug":"baarmenite-voistlus","status":"publish","type":"page","link":"https:\/\/www.profexpo.ee\/foodfest\/programm-2\/baarmenite-voistlus\/","title":{"rendered":"Baarmenite v\u00f5istlus"},"content":{"rendered":"<h1 class=\"vc_custom_heading\">XI Eesti Baarmenite Meistriv\u00f5istlused alkoholivabade kokteilide valmistamises<\/h1>\n<h3><strong>V\u00f5istluste tutvustus<\/strong><\/h3>\n<p>V\u00f5istluse k\u00e4igus selgitatakse v\u00e4lja Eesti Meister alkoholivabade kokteilide valmistamises. Osalema on oodatud professionaalsed baarmenid, kes peavad v\u00e4lja m\u00f5tlema uued ja unikaalsed retseptid. V\u00f5istlejate hindamiseks moodustab korraldustoimkond tippbaarmenidest ja erialaga seotud professionaalidest koosneva kohtunike kogu, kes selgitavad v\u00e4lja Eesti meistri.<\/p>\n<h3><strong>Autasustamine<\/strong><\/h3>\n<p>I koht saab v\u00f5imaluse osaleda j\u00e4rgmisel Mattoni Grand Drink Alkoholivabade kokteilide Maailmameistriv\u00f5istlustel.<\/p>\n<h3><strong>Osaleja info<\/strong><\/h3>\n<p><strong><a href=\"https:\/\/www.barman.ee\/et\/xi-eesti-baarmenite-meistrivoistlused-alkoholivabade-kokteilide-valmistamises\/\" target=\"_blank\" rel=\"noopener noreferrer\">Osav\u00f5tutingimused<\/a><\/strong><br \/>\n<strong><a href=\"https:\/\/www.barman.ee\/et\/registeeru-xi-eesti-baarmenite-meistrivoistlused-alkoholivabade-kokteilide-valmistamises\/\">Registreerimisvorm<\/a><\/strong><\/p>\n<h3><strong>V\u00f5istluse aeg<\/strong><\/h3>\n<p>Laup\u00e4ev, 1. oktoober algusega kell 12<\/p>\n<h3><strong>Koht<\/strong><\/h3>\n<p>Eesti N\u00e4ituste messikeskus<br \/>\nPirita tee 28, Tallinn<\/p>\n<h3><strong>Korraldajad<\/strong><\/h3>\n<p>Eesti Baarmenite Assotsiatsioon<\/p>\n<h3><strong>Info ja kontakt<\/strong><\/h3>\n<p>Vyacheslav Ilichev<br \/>\n<a href=\"mailto:slava@barman.ee\">slava@barman.ee<\/a><\/p>\n<p><a href=\"https:\/\/www.profexpo.ee\/foodfest\/baarmenite-voistlus\/eba\/\" rel=\"attachment wp-att-4951\"><img loading=\"lazy\" decoding=\"async\" class=\" wp-image-4951 alignleft\" src=\"https:\/\/www.profexpo.ee\/foodfest\/wp-content\/uploads\/2018\/09\/EBA-150x150.png\" alt=\"\" width=\"127\" height=\"127\" srcset=\"https:\/\/www.profexpo.ee\/foodfest\/wp-content\/uploads\/2018\/09\/EBA-150x150.png 150w, https:\/\/www.profexpo.ee\/foodfest\/wp-content\/uploads\/2018\/09\/EBA-250x250.png 250w, https:\/\/www.profexpo.ee\/foodfest\/wp-content\/uploads\/2018\/09\/EBA-120x120.png 120w, https:\/\/www.profexpo.ee\/foodfest\/wp-content\/uploads\/2018\/09\/EBA.png 300w\" sizes=\"auto, (max-width: 127px) 100vw, 127px\" \/><\/a><\/p>\n","protected":false},"excerpt":{"rendered":"XI Eesti Baarmenite Meistriv\u00f5istlused alkoholivabade kokteilide valmistamises V\u00f5istluste tutvustus V\u00f5istluse k\u00e4igus selgitatakse v\u00e4lja Eesti Meister alkoholivabade kokteilide valmistamises. Osalema on oodatud professionaalsed baarmenid, kes peavad v\u00e4lja m\u00f5tlema uued ja unikaalsed retseptid. V\u00f5istlejate hindamiseks moodustab korraldustoimkond tippbaarmenidest ja erialaga seotud professionaalidest koosneva kohtunike kogu, kes selgitavad v\u00e4lja Eesti meistri. Autasustamine I koht saab v\u00f5imaluse osaleda j\u00e4rgmisel&#8230; <a class=\"view-article\" href=\"https:\/\/www.profexpo.ee\/foodfest\/programm-2\/baarmenite-voistlus\/\">Loe edasi<\/a>","protected":false},"author":3,"featured_media":0,"parent":10872,"menu_order":10,"comment_status":"closed","ping_status":"closed","template":"","meta":{"footnotes":""},"class_list":["post-2589","page","type-page","status-publish","hentry"],"yoast_head":"<!-- This site is optimized with the Yoast SEO plugin v24.7 - https:\/\/yoast.com\/wordpress\/plugins\/seo\/ -->\n<title>Baarmenite v\u00f5istlus - Tallinn FoodFest 2022<\/title>\n<meta name=\"robots\" content=\"index, follow, max-snippet:-1, max-image-preview:large, max-video-preview:-1\" \/>\n<link rel=\"canonical\" href=\"https:\/\/www.profexpo.ee\/foodfest\/programm-2\/baarmenite-voistlus\/\" \/>\n<meta property=\"og:locale\" content=\"et_EE\" \/>\n<meta property=\"og:type\" content=\"article\" \/>\n<meta property=\"og:title\" content=\"Baarmenite v\u00f5istlus - Tallinn FoodFest 2022\" \/>\n<meta property=\"og:description\" content=\"XI Eesti Baarmenite Meistriv\u00f5istlused alkoholivabade kokteilide valmistamises V\u00f5istluste tutvustus V\u00f5istluse k\u00e4igus selgitatakse v\u00e4lja Eesti Meister alkoholivabade kokteilide valmistamises. Osalema on oodatud professionaalsed baarmenid, kes peavad v\u00e4lja m\u00f5tlema uued ja unikaalsed retseptid. V\u00f5istlejate hindamiseks moodustab korraldustoimkond tippbaarmenidest ja erialaga seotud professionaalidest koosneva kohtunike kogu, kes selgitavad v\u00e4lja Eesti meistri. Autasustamine I koht saab v\u00f5imaluse osaleda j\u00e4rgmisel... Loe edasi\" \/>\n<meta property=\"og:url\" content=\"https:\/\/www.profexpo.ee\/foodfest\/programm-2\/baarmenite-voistlus\/\" \/>\n<meta property=\"og:site_name\" content=\"Tallinn FoodFest 2022\" \/>\n<meta property=\"article:modified_time\" content=\"2022-09-27T09:12:46+00:00\" \/>\n<meta property=\"og:image\" content=\"http:\/\/www.profexpo.ee\/foodfest\/wp-content\/uploads\/2018\/09\/EBA-150x150.png\" \/>\n<meta name=\"twitter:card\" content=\"summary_large_image\" \/>\n<meta name=\"twitter:label1\" content=\"Est. reading time\" \/>\n\t<meta name=\"twitter:data1\" content=\"1 minut\" \/>\n<script type=\"application\/ld+json\" class=\"yoast-schema-graph\">{\"@context\":\"https:\/\/schema.org\",\"@graph\":[{\"@type\":\"WebPage\",\"@id\":\"https:\/\/www.profexpo.ee\/foodfest\/programm-2\/baarmenite-voistlus\/\",\"url\":\"https:\/\/www.profexpo.ee\/foodfest\/programm-2\/baarmenite-voistlus\/\",\"name\":\"Baarmenite v\u00f5istlus - Tallinn FoodFest 2022\",\"isPartOf\":{\"@id\":\"https:\/\/www.profexpo.ee\/foodfest\/#website\"},\"primaryImageOfPage\":{\"@id\":\"https:\/\/www.profexpo.ee\/foodfest\/programm-2\/baarmenite-voistlus\/#primaryimage\"},\"image\":{\"@id\":\"https:\/\/www.profexpo.ee\/foodfest\/programm-2\/baarmenite-voistlus\/#primaryimage\"},\"thumbnailUrl\":\"http:\/\/www.profexpo.ee\/foodfest\/wp-content\/uploads\/2018\/09\/EBA-150x150.png\",\"datePublished\":\"2016-09-24T11:38:56+00:00\",\"dateModified\":\"2022-09-27T09:12:46+00:00\",\"breadcrumb\":{\"@id\":\"https:\/\/www.profexpo.ee\/foodfest\/programm-2\/baarmenite-voistlus\/#breadcrumb\"},\"inLanguage\":\"et\",\"potentialAction\":[{\"@type\":\"ReadAction\",\"target\":[\"https:\/\/www.profexpo.ee\/foodfest\/programm-2\/baarmenite-voistlus\/\"]}]},{\"@type\":\"ImageObject\",\"inLanguage\":\"et\",\"@id\":\"https:\/\/www.profexpo.ee\/foodfest\/programm-2\/baarmenite-voistlus\/#primaryimage\",\"url\":\"http:\/\/www.profexpo.ee\/foodfest\/wp-content\/uploads\/2018\/09\/EBA-150x150.png\",\"contentUrl\":\"http:\/\/www.profexpo.ee\/foodfest\/wp-content\/uploads\/2018\/09\/EBA-150x150.png\"},{\"@type\":\"BreadcrumbList\",\"@id\":\"https:\/\/www.profexpo.ee\/foodfest\/programm-2\/baarmenite-voistlus\/#breadcrumb\",\"itemListElement\":[{\"@type\":\"ListItem\",\"position\":1,\"name\":\"Home\",\"item\":\"https:\/\/www.profexpo.ee\/foodfest\/\"},{\"@type\":\"ListItem\",\"position\":2,\"name\":\"Programm\",\"item\":\"https:\/\/www.profexpo.ee\/foodfest\/programm-2\/\"},{\"@type\":\"ListItem\",\"position\":3,\"name\":\"Baarmenite v\u00f5istlus\"}]},{\"@type\":\"WebSite\",\"@id\":\"https:\/\/www.profexpo.ee\/foodfest\/#website\",\"url\":\"https:\/\/www.profexpo.ee\/foodfest\/\",\"name\":\"Tallinn FoodFest 2020\",\"description\":\"Tallinn FoodFest 2022\",\"potentialAction\":[{\"@type\":\"SearchAction\",\"target\":{\"@type\":\"EntryPoint\",\"urlTemplate\":\"https:\/\/www.profexpo.ee\/foodfest\/?s={search_term_string}\"},\"query-input\":{\"@type\":\"PropertyValueSpecification\",\"valueRequired\":true,\"valueName\":\"search_term_string\"}}],\"inLanguage\":\"et\"}]}<\/script>\n<!-- \/ Yoast SEO plugin. -->","yoast_head_json":{"title":"Baarmenite v\u00f5istlus - Tallinn FoodFest 2022","robots":{"index":"index","follow":"follow","max-snippet":"max-snippet:-1","max-image-preview":"max-image-preview:large","max-video-preview":"max-video-preview:-1"},"canonical":"https:\/\/www.profexpo.ee\/foodfest\/programm-2\/baarmenite-voistlus\/","og_locale":"et_EE","og_type":"article","og_title":"Baarmenite v\u00f5istlus - Tallinn FoodFest 2022","og_description":"XI Eesti Baarmenite Meistriv\u00f5istlused alkoholivabade kokteilide valmistamises V\u00f5istluste tutvustus V\u00f5istluse k\u00e4igus selgitatakse v\u00e4lja Eesti Meister alkoholivabade kokteilide valmistamises. Osalema on oodatud professionaalsed baarmenid, kes peavad v\u00e4lja m\u00f5tlema uued ja unikaalsed retseptid. V\u00f5istlejate hindamiseks moodustab korraldustoimkond tippbaarmenidest ja erialaga seotud professionaalidest koosneva kohtunike kogu, kes selgitavad v\u00e4lja Eesti meistri. Autasustamine I koht saab v\u00f5imaluse osaleda j\u00e4rgmisel... Loe edasi","og_url":"https:\/\/www.profexpo.ee\/foodfest\/programm-2\/baarmenite-voistlus\/","og_site_name":"Tallinn FoodFest 2022","article_modified_time":"2022-09-27T09:12:46+00:00","og_image":[{"url":"http:\/\/www.profexpo.ee\/foodfest\/wp-content\/uploads\/2018\/09\/EBA-150x150.png","type":"","width":"","height":""}],"twitter_card":"summary_large_image","twitter_misc":{"Est. reading time":"1 minut"},"schema":{"@context":"https:\/\/schema.org","@graph":[{"@type":"WebPage","@id":"https:\/\/www.profexpo.ee\/foodfest\/programm-2\/baarmenite-voistlus\/","url":"https:\/\/www.profexpo.ee\/foodfest\/programm-2\/baarmenite-voistlus\/","name":"Baarmenite v\u00f5istlus - Tallinn FoodFest 2022","isPartOf":{"@id":"https:\/\/www.profexpo.ee\/foodfest\/#website"},"primaryImageOfPage":{"@id":"https:\/\/www.profexpo.ee\/foodfest\/programm-2\/baarmenite-voistlus\/#primaryimage"},"image":{"@id":"https:\/\/www.profexpo.ee\/foodfest\/programm-2\/baarmenite-voistlus\/#primaryimage"},"thumbnailUrl":"http:\/\/www.profexpo.ee\/foodfest\/wp-content\/uploads\/2018\/09\/EBA-150x150.png","datePublished":"2016-09-24T11:38:56+00:00","dateModified":"2022-09-27T09:12:46+00:00","breadcrumb":{"@id":"https:\/\/www.profexpo.ee\/foodfest\/programm-2\/baarmenite-voistlus\/#breadcrumb"},"inLanguage":"et","potentialAction":[{"@type":"ReadAction","target":["https:\/\/www.profexpo.ee\/foodfest\/programm-2\/baarmenite-voistlus\/"]}]},{"@type":"ImageObject","inLanguage":"et","@id":"https:\/\/www.profexpo.ee\/foodfest\/programm-2\/baarmenite-voistlus\/#primaryimage","url":"http:\/\/www.profexpo.ee\/foodfest\/wp-content\/uploads\/2018\/09\/EBA-150x150.png","contentUrl":"http:\/\/www.profexpo.ee\/foodfest\/wp-content\/uploads\/2018\/09\/EBA-150x150.png"},{"@type":"BreadcrumbList","@id":"https:\/\/www.profexpo.ee\/foodfest\/programm-2\/baarmenite-voistlus\/#breadcrumb","itemListElement":[{"@type":"ListItem","position":1,"name":"Home","item":"https:\/\/www.profexpo.ee\/foodfest\/"},{"@type":"ListItem","position":2,"name":"Programm","item":"https:\/\/www.profexpo.ee\/foodfest\/programm-2\/"},{"@type":"ListItem","position":3,"name":"Baarmenite v\u00f5istlus"}]},{"@type":"WebSite","@id":"https:\/\/www.profexpo.ee\/foodfest\/#website","url":"https:\/\/www.profexpo.ee\/foodfest\/","name":"Tallinn FoodFest 2020","description":"Tallinn FoodFest 2022","potentialAction":[{"@type":"SearchAction","target":{"@type":"EntryPoint","urlTemplate":"https:\/\/www.profexpo.ee\/foodfest\/?s={search_term_string}"},"query-input":{"@type":"PropertyValueSpecification","valueRequired":true,"valueName":"search_term_string"}}],"inLanguage":"et"}]}},"_links":{"self":[{"href":"https:\/\/www.profexpo.ee\/foodfest\/wp-json\/wp\/v2\/pages\/2589","targetHints":{"allow":["GET"]}}],"collection":[{"href":"https:\/\/www.profexpo.ee\/foodfest\/wp-json\/wp\/v2\/pages"}],"about":[{"href":"https:\/\/www.profexpo.ee\/foodfest\/wp-json\/wp\/v2\/types\/page"}],"author":[{"embeddable":true,"href":"https:\/\/www.profexpo.ee\/foodfest\/wp-json\/wp\/v2\/users\/3"}],"replies":[{"embeddable":true,"href":"https:\/\/www.profexpo.ee\/foodfest\/wp-json\/wp\/v2\/comments?post=2589"}],"version-history":[{"count":5,"href":"https:\/\/www.profexpo.ee\/foodfest\/wp-json\/wp\/v2\/pages\/2589\/revisions"}],"predecessor-version":[{"id":14290,"href":"https:\/\/www.profexpo.ee\/foodfest\/wp-json\/wp\/v2\/pages\/2589\/revisions\/14290"}],"up":[{"embeddable":true,"href":"https:\/\/www.profexpo.ee\/foodfest\/wp-json\/wp\/v2\/pages\/10872"}],"wp:attachment":[{"href":"https:\/\/www.profexpo.ee\/foodfest\/wp-json\/wp\/v2\/media?parent=2589"}],"curies":[{"name":"wp","href":"https:\/\/api.w.org\/{rel}","templated":true}]}}