{"id":7,"date":"2015-09-15T11:41:40","date_gmt":"2015-09-15T08:41:40","guid":{"rendered":"http:\/\/www.profexpo.ee\/foodfest\/?page_id=7"},"modified":"2022-09-06T12:59:03","modified_gmt":"2022-09-06T09:59:03","slug":"avaleht","status":"publish","type":"page","link":"https:\/\/www.profexpo.ee\/foodfest\/","title":{"rendered":"Avaleht"},"content":{"rendered":"<h1>Toidumess Tallinn FoodFest 2020<\/h1>\n<p>Toidumess on Eesti toiduproffide seas oodatud ja hinnatud erialas\u00fcndmus. Alates 1993. aastast on messil kohtunud Eesti toiduainet\u00f6\u00f6stuse, toitlustuse, hotellinduse, kaubanduse ja paljude sidusalade esindajad ning valdkonna spetsialistid l\u00e4hinaabrite juurest.<\/p>\n<p>Eesti N\u00e4ituste messikeskusesse oodatakse 29.-31. oktoobrini kokku \u00fcle kuue tuhande toiduala liidri, otsustaja ja ka ala uustulnuka.<\/p>\n<p>Uudiseid, trende ja innovatsiooni pakuvad k\u00fclastajatele \u00fcle paarisaja eksponendi nii kodu- kui v\u00e4lismaalt. K\u00f5rvuti toidutootjate, maaletoojatega on messil v\u00e4ljas seadmete-, sisustus-, tehnika- ja tehnoloogiettev\u00f5tted. Uued lahendused pakendialal, logistikas, kaupade hoiul ja transpordis, nutikad IT-lahendused tarneahelas \u2013 k\u00f5ike seda pakuvad messil osalejad oma n\u00fc\u00fcdsetele ja tulevastele koost\u00f6\u00f6partneritele.<\/p>\n<p>Profilt profile programm on magnetiks suurele osale k\u00fclastajatest, pakkudes laia valikut ala meistrite esitlusi, toodete hindamisi, kutsealakonkursse. Erialaliitude \u00fcritustel jagavad uut teavet ja kogemusi valdkondade tippasjatundjad.<\/p>\n<p>Toidumess on l\u00e4bi oma 28-aastase ajaloo n\u00e4idanud ehedalt meie toidukultuuri arengut, pakkunud v\u00f5imaluse turul enda n\u00e4htavaks teha, toonud v\u00e4lja kogenute tootearenduse saavutusi ja alustajate leidlikkust. 90% k\u00fclastajatest annab messik\u00fclastuse soovituse oma kolleegidele ja tuleb ka ise kohale.<\/p>\n<p>Tule ja osale Tallinna Toidumessil!<\/p>\n","protected":false},"excerpt":{"rendered":"Toidumess Tallinn FoodFest 2020 Toidumess on Eesti toiduproffide seas oodatud ja hinnatud erialas\u00fcndmus. Alates 1993. aastast on messil kohtunud Eesti toiduainet\u00f6\u00f6stuse, toitlustuse, hotellinduse, kaubanduse ja paljude sidusalade esindajad ning valdkonna spetsialistid l\u00e4hinaabrite juurest. Eesti N\u00e4ituste messikeskusesse oodatakse 29.-31. oktoobrini kokku \u00fcle kuue tuhande toiduala liidri, otsustaja ja ka ala uustulnuka. Uudiseid, trende ja innovatsiooni pakuvad&#8230; <a class=\"view-article\" href=\"https:\/\/www.profexpo.ee\/foodfest\/\">Loe edasi<\/a>","protected":false},"author":1,"featured_media":0,"parent":0,"menu_order":1,"comment_status":"closed","ping_status":"closed","template":"page_home.php","meta":{"footnotes":""},"class_list":["post-7","page","type-page","status-publish","hentry"],"yoast_head":"<!-- This site is optimized with the Yoast SEO plugin v24.7 - https:\/\/yoast.com\/wordpress\/plugins\/seo\/ -->\n<title>Tallinn FoodFest 2022 | 29.9.-1.10 Eesti N\u00e4ituste messikeskuses<\/title>\n<meta name=\"description\" content=\"Eesti N\u00e4ituste messikeskusesse oodatakse 29.9.-1.10 \u00fcle kuue tuhande toiduala liidri, otsustaja ja ala uustulnuka.\" \/>\n<meta name=\"robots\" content=\"index, follow, max-snippet:-1, max-image-preview:large, max-video-preview:-1\" \/>\n<link rel=\"canonical\" href=\"https:\/\/www.profexpo.ee\/foodfest\/\" \/>\n<meta property=\"og:locale\" content=\"et_EE\" \/>\n<meta property=\"og:type\" content=\"article\" \/>\n<meta property=\"og:title\" content=\"Tallinn FoodFest 2022 | 29.9.-1.10 Eesti N\u00e4ituste messikeskuses\" \/>\n<meta property=\"og:description\" content=\"Eesti N\u00e4ituste messikeskusesse oodatakse 29.9.-1.10 \u00fcle kuue tuhande toiduala liidri, otsustaja ja ala uustulnuka.\" \/>\n<meta property=\"og:url\" content=\"https:\/\/www.profexpo.ee\/foodfest\/\" \/>\n<meta property=\"og:site_name\" content=\"Tallinn FoodFest 2022\" \/>\n<meta property=\"article:modified_time\" content=\"2022-09-06T09:59:03+00:00\" \/>\n<meta name=\"twitter:card\" content=\"summary_large_image\" \/>\n<meta name=\"twitter:label1\" content=\"Est. reading time\" \/>\n\t<meta name=\"twitter:data1\" content=\"1 minut\" \/>\n<script type=\"application\/ld+json\" class=\"yoast-schema-graph\">{\"@context\":\"https:\/\/schema.org\",\"@graph\":[{\"@type\":\"WebPage\",\"@id\":\"https:\/\/www.profexpo.ee\/foodfest\/\",\"url\":\"https:\/\/www.profexpo.ee\/foodfest\/\",\"name\":\"Tallinn FoodFest 2022 | 29.9.-1.10 Eesti N\u00e4ituste messikeskuses\",\"isPartOf\":{\"@id\":\"https:\/\/www.profexpo.ee\/foodfest\/#website\"},\"datePublished\":\"2015-09-15T08:41:40+00:00\",\"dateModified\":\"2022-09-06T09:59:03+00:00\",\"description\":\"Eesti N\u00e4ituste messikeskusesse oodatakse 29.9.-1.10 \u00fcle kuue tuhande toiduala liidri, otsustaja ja ala uustulnuka.\",\"breadcrumb\":{\"@id\":\"https:\/\/www.profexpo.ee\/foodfest\/#breadcrumb\"},\"inLanguage\":\"et\",\"potentialAction\":[{\"@type\":\"ReadAction\",\"target\":[\"https:\/\/www.profexpo.ee\/foodfest\/\"]}]},{\"@type\":\"BreadcrumbList\",\"@id\":\"https:\/\/www.profexpo.ee\/foodfest\/#breadcrumb\",\"itemListElement\":[{\"@type\":\"ListItem\",\"position\":1,\"name\":\"Home\",\"item\":\"https:\/\/www.profexpo.ee\/foodfest\/\"},{\"@type\":\"ListItem\",\"position\":2,\"name\":\"Avaleht\"}]},{\"@type\":\"WebSite\",\"@id\":\"https:\/\/www.profexpo.ee\/foodfest\/#website\",\"url\":\"https:\/\/www.profexpo.ee\/foodfest\/\",\"name\":\"Tallinn FoodFest 2020\",\"description\":\"Tallinn FoodFest 2022\",\"potentialAction\":[{\"@type\":\"SearchAction\",\"target\":{\"@type\":\"EntryPoint\",\"urlTemplate\":\"https:\/\/www.profexpo.ee\/foodfest\/?s={search_term_string}\"},\"query-input\":{\"@type\":\"PropertyValueSpecification\",\"valueRequired\":true,\"valueName\":\"search_term_string\"}}],\"inLanguage\":\"et\"}]}<\/script>\n<!-- \/ Yoast SEO plugin. -->","yoast_head_json":{"title":"Tallinn FoodFest 2022 | 29.9.-1.10 Eesti N\u00e4ituste messikeskuses","description":"Eesti N\u00e4ituste messikeskusesse oodatakse 29.9.-1.10 \u00fcle kuue tuhande toiduala liidri, otsustaja ja ala uustulnuka.","robots":{"index":"index","follow":"follow","max-snippet":"max-snippet:-1","max-image-preview":"max-image-preview:large","max-video-preview":"max-video-preview:-1"},"canonical":"https:\/\/www.profexpo.ee\/foodfest\/","og_locale":"et_EE","og_type":"article","og_title":"Tallinn FoodFest 2022 | 29.9.-1.10 Eesti N\u00e4ituste messikeskuses","og_description":"Eesti N\u00e4ituste messikeskusesse oodatakse 29.9.-1.10 \u00fcle kuue tuhande toiduala liidri, otsustaja ja ala uustulnuka.","og_url":"https:\/\/www.profexpo.ee\/foodfest\/","og_site_name":"Tallinn FoodFest 2022","article_modified_time":"2022-09-06T09:59:03+00:00","twitter_card":"summary_large_image","twitter_misc":{"Est. reading time":"1 minut"},"schema":{"@context":"https:\/\/schema.org","@graph":[{"@type":"WebPage","@id":"https:\/\/www.profexpo.ee\/foodfest\/","url":"https:\/\/www.profexpo.ee\/foodfest\/","name":"Tallinn FoodFest 2022 | 29.9.-1.10 Eesti N\u00e4ituste messikeskuses","isPartOf":{"@id":"https:\/\/www.profexpo.ee\/foodfest\/#website"},"datePublished":"2015-09-15T08:41:40+00:00","dateModified":"2022-09-06T09:59:03+00:00","description":"Eesti N\u00e4ituste messikeskusesse oodatakse 29.9.-1.10 \u00fcle kuue tuhande toiduala liidri, otsustaja ja ala uustulnuka.","breadcrumb":{"@id":"https:\/\/www.profexpo.ee\/foodfest\/#breadcrumb"},"inLanguage":"et","potentialAction":[{"@type":"ReadAction","target":["https:\/\/www.profexpo.ee\/foodfest\/"]}]},{"@type":"BreadcrumbList","@id":"https:\/\/www.profexpo.ee\/foodfest\/#breadcrumb","itemListElement":[{"@type":"ListItem","position":1,"name":"Home","item":"https:\/\/www.profexpo.ee\/foodfest\/"},{"@type":"ListItem","position":2,"name":"Avaleht"}]},{"@type":"WebSite","@id":"https:\/\/www.profexpo.ee\/foodfest\/#website","url":"https:\/\/www.profexpo.ee\/foodfest\/","name":"Tallinn FoodFest 2020","description":"Tallinn FoodFest 2022","potentialAction":[{"@type":"SearchAction","target":{"@type":"EntryPoint","urlTemplate":"https:\/\/www.profexpo.ee\/foodfest\/?s={search_term_string}"},"query-input":{"@type":"PropertyValueSpecification","valueRequired":true,"valueName":"search_term_string"}}],"inLanguage":"et"}]}},"_links":{"self":[{"href":"https:\/\/www.profexpo.ee\/foodfest\/wp-json\/wp\/v2\/pages\/7","targetHints":{"allow":["GET"]}}],"collection":[{"href":"https:\/\/www.profexpo.ee\/foodfest\/wp-json\/wp\/v2\/pages"}],"about":[{"href":"https:\/\/www.profexpo.ee\/foodfest\/wp-json\/wp\/v2\/types\/page"}],"author":[{"embeddable":true,"href":"https:\/\/www.profexpo.ee\/foodfest\/wp-json\/wp\/v2\/users\/1"}],"replies":[{"embeddable":true,"href":"https:\/\/www.profexpo.ee\/foodfest\/wp-json\/wp\/v2\/comments?post=7"}],"version-history":[{"count":5,"href":"https:\/\/www.profexpo.ee\/foodfest\/wp-json\/wp\/v2\/pages\/7\/revisions"}],"predecessor-version":[{"id":10401,"href":"https:\/\/www.profexpo.ee\/foodfest\/wp-json\/wp\/v2\/pages\/7\/revisions\/10401"}],"wp:attachment":[{"href":"https:\/\/www.profexpo.ee\/foodfest\/wp-json\/wp\/v2\/media?parent=7"}],"curies":[{"name":"wp","href":"https:\/\/api.w.org\/{rel}","templated":true}]}}