{"id":745,"date":"2016-03-24T12:37:33","date_gmt":"2016-03-24T10:37:33","guid":{"rendered":"http:\/\/www.profexpo.ee\/foodfest\/?page_id=745"},"modified":"2022-09-06T13:01:59","modified_gmt":"2022-09-06T10:01:59","slug":"main-page","status":"publish","type":"page","link":"https:\/\/www.profexpo.ee\/foodfest\/main-page\/?lang=en","title":{"rendered":"Home"},"content":{"rendered":"<p><strong>TASTE DESTINATION \u2013 TALLINN FOODFAIR 2019<\/strong><\/p>\n<p>Tallinn FoodFair invites you to travel with us through the next meeting point of quality food and related product and service presentations. Come to Tallinn FoodFair \u2013 a surprising Estonian and Baltic taste destination.<\/p>\n<p>TFF is an internationally recognized source of trade opportunities for food related industries \u2013 hotels, restaurants and catering services, retailers, importers, logistics and producers. Every year TFF attracts participants from around the world \u2013 last year we enjoyed exhibitors from 11 countries and over 50 foreign companies. This year we expect at least 200 participants from Estonia and abroad.<\/p>\n<p>TFF is the No\u00a01 industry event for food professionals in Estonia. Over 6,000 trade visitors are expected including hundreds from neighbouring countries. The aisles are filled with the \u201cwho\u2019s who\u201d of the industry.<\/p>\n<p>The fair will inspire, entertain and engage food experts. Professional audiences will witness competitions for chefs, bartenders, confectioners and others. Discussions, presentations and tastings will attract both food professionals and hospitality specialists; these are essential for anyone seeking out the latest trends and innovations.<\/p>\n<p>TFF will offer the best selection of Estonian food products as well as new lines for specialists from home and abroad. Foreign buyers are invited to get to know Estonian produce from the wide range of high-quality products on offer. TFF is the perfect place to meet the people behind the products.<\/p>\n<p>TFF-team goal is to make our trade fair a real success experience for everyone. The team has been holding food fairs in Estonia since 1993 and so we have a great deal of experience and knowledge in this sector. We look forward to hosting you at Tallinn FoodFair 2019.<\/p>\n","protected":false},"excerpt":{"rendered":"TASTE DESTINATION \u2013 TALLINN FOODFAIR 2019 Tallinn FoodFair invites you to travel with us through the next meeting point of quality food and related product and service presentations. Come to Tallinn FoodFair \u2013 a surprising Estonian and Baltic taste destination. TFF is an internationally recognized source of trade opportunities for food related industries \u2013 hotels,&#8230; <a class=\"view-article\" href=\"https:\/\/www.profexpo.ee\/foodfest\/main-page\/?lang=en\">Loe edasi<\/a>","protected":false},"author":2,"featured_media":0,"parent":0,"menu_order":1,"comment_status":"closed","ping_status":"closed","template":"page_home.php","meta":{"footnotes":""},"class_list":["post-745","page","type-page","status-publish","hentry"],"yoast_head":"<!-- This site is optimized with the Yoast SEO plugin v24.7 - https:\/\/yoast.com\/wordpress\/plugins\/seo\/ -->\n<title>Tallinn FoodFest 2022 | 29.9.-1.10 Eesti N\u00e4ituste messikeskuses<\/title>\n<meta name=\"description\" content=\"Toidumess on Eesti toiduproffide seas oodatud ja hinnatud erialas\u00fcndmus. Alates 1993. aastast on messil kohtunud Eesti toiduainet\u00f6\u00f6stuse, toitlustuse, hotellinduse, kaubanduse ja paljude sidusalade esindajad ning valdkonna spetsialistid l\u00e4hinaabrite juurest.\" \/>\n<meta name=\"robots\" content=\"index, follow, max-snippet:-1, max-image-preview:large, max-video-preview:-1\" \/>\n<link rel=\"canonical\" href=\"https:\/\/www.profexpo.ee\/foodfest\/?lang=en\" \/>\n<meta property=\"og:locale\" content=\"et_EE\" \/>\n<meta property=\"og:type\" content=\"article\" \/>\n<meta property=\"og:title\" content=\"Tallinn FoodFest 2022 | 29.9.-1.10 Eesti N\u00e4ituste messikeskuses\" \/>\n<meta property=\"og:description\" content=\"Toidumess on Eesti toiduproffide seas oodatud ja hinnatud erialas\u00fcndmus. Alates 1993. aastast on messil kohtunud Eesti toiduainet\u00f6\u00f6stuse, toitlustuse, hotellinduse, kaubanduse ja paljude sidusalade esindajad ning valdkonna spetsialistid l\u00e4hinaabrite juurest.\" \/>\n<meta property=\"og:url\" content=\"https:\/\/www.profexpo.ee\/foodfest\/?lang=en\" \/>\n<meta property=\"og:site_name\" content=\"Tallinn FoodFest 2022\" \/>\n<meta property=\"article:modified_time\" content=\"2022-09-06T10:01:59+00:00\" \/>\n<meta name=\"twitter:card\" content=\"summary_large_image\" \/>\n<meta name=\"twitter:label1\" content=\"Est. reading time\" \/>\n\t<meta name=\"twitter:data1\" content=\"1 minut\" \/>\n<script type=\"application\/ld+json\" class=\"yoast-schema-graph\">{\"@context\":\"https:\/\/schema.org\",\"@graph\":[{\"@type\":\"WebPage\",\"@id\":\"https:\/\/www.profexpo.ee\/foodfest\/?lang=en\",\"url\":\"https:\/\/www.profexpo.ee\/foodfest\/?lang=en\",\"name\":\"Tallinn FoodFest 2022 | 29.9.-1.10 Eesti N\u00e4ituste messikeskuses\",\"isPartOf\":{\"@id\":\"https:\/\/www.profexpo.ee\/foodfest\/#website\"},\"datePublished\":\"2016-03-24T10:37:33+00:00\",\"dateModified\":\"2022-09-06T10:01:59+00:00\",\"description\":\"Toidumess on Eesti toiduproffide seas oodatud ja hinnatud erialas\u00fcndmus. Alates 1993. aastast on messil kohtunud Eesti toiduainet\u00f6\u00f6stuse, toitlustuse, hotellinduse, kaubanduse ja paljude sidusalade esindajad ning valdkonna spetsialistid l\u00e4hinaabrite juurest.\",\"breadcrumb\":{\"@id\":\"https:\/\/www.profexpo.ee\/foodfest\/?lang=en#breadcrumb\"},\"inLanguage\":\"et\",\"potentialAction\":[{\"@type\":\"ReadAction\",\"target\":[\"https:\/\/www.profexpo.ee\/foodfest\/?lang=en\"]}]},{\"@type\":\"BreadcrumbList\",\"@id\":\"https:\/\/www.profexpo.ee\/foodfest\/?lang=en#breadcrumb\",\"itemListElement\":[{\"@type\":\"ListItem\",\"position\":1,\"name\":\"Home\",\"item\":\"https:\/\/www.profexpo.ee\/foodfest\/\"},{\"@type\":\"ListItem\",\"position\":2,\"name\":\"Home\"}]},{\"@type\":\"WebSite\",\"@id\":\"https:\/\/www.profexpo.ee\/foodfest\/#website\",\"url\":\"https:\/\/www.profexpo.ee\/foodfest\/\",\"name\":\"Tallinn FoodFest 2020\",\"description\":\"Tallinn FoodFest 2022\",\"potentialAction\":[{\"@type\":\"SearchAction\",\"target\":{\"@type\":\"EntryPoint\",\"urlTemplate\":\"https:\/\/www.profexpo.ee\/foodfest\/?s={search_term_string}\"},\"query-input\":{\"@type\":\"PropertyValueSpecification\",\"valueRequired\":true,\"valueName\":\"search_term_string\"}}],\"inLanguage\":\"et\"}]}<\/script>\n<!-- \/ Yoast SEO plugin. -->","yoast_head_json":{"title":"Tallinn FoodFest 2022 | 29.9.-1.10 Eesti N\u00e4ituste messikeskuses","description":"Toidumess on Eesti toiduproffide seas oodatud ja hinnatud erialas\u00fcndmus. Alates 1993. aastast on messil kohtunud Eesti toiduainet\u00f6\u00f6stuse, toitlustuse, hotellinduse, kaubanduse ja paljude sidusalade esindajad ning valdkonna spetsialistid l\u00e4hinaabrite juurest.","robots":{"index":"index","follow":"follow","max-snippet":"max-snippet:-1","max-image-preview":"max-image-preview:large","max-video-preview":"max-video-preview:-1"},"canonical":"https:\/\/www.profexpo.ee\/foodfest\/?lang=en","og_locale":"et_EE","og_type":"article","og_title":"Tallinn FoodFest 2022 | 29.9.-1.10 Eesti N\u00e4ituste messikeskuses","og_description":"Toidumess on Eesti toiduproffide seas oodatud ja hinnatud erialas\u00fcndmus. Alates 1993. aastast on messil kohtunud Eesti toiduainet\u00f6\u00f6stuse, toitlustuse, hotellinduse, kaubanduse ja paljude sidusalade esindajad ning valdkonna spetsialistid l\u00e4hinaabrite juurest.","og_url":"https:\/\/www.profexpo.ee\/foodfest\/?lang=en","og_site_name":"Tallinn FoodFest 2022","article_modified_time":"2022-09-06T10:01:59+00:00","twitter_card":"summary_large_image","twitter_misc":{"Est. reading time":"1 minut"},"schema":{"@context":"https:\/\/schema.org","@graph":[{"@type":"WebPage","@id":"https:\/\/www.profexpo.ee\/foodfest\/?lang=en","url":"https:\/\/www.profexpo.ee\/foodfest\/?lang=en","name":"Tallinn FoodFest 2022 | 29.9.-1.10 Eesti N\u00e4ituste messikeskuses","isPartOf":{"@id":"https:\/\/www.profexpo.ee\/foodfest\/#website"},"datePublished":"2016-03-24T10:37:33+00:00","dateModified":"2022-09-06T10:01:59+00:00","description":"Toidumess on Eesti toiduproffide seas oodatud ja hinnatud erialas\u00fcndmus. Alates 1993. aastast on messil kohtunud Eesti toiduainet\u00f6\u00f6stuse, toitlustuse, hotellinduse, kaubanduse ja paljude sidusalade esindajad ning valdkonna spetsialistid l\u00e4hinaabrite juurest.","breadcrumb":{"@id":"https:\/\/www.profexpo.ee\/foodfest\/?lang=en#breadcrumb"},"inLanguage":"et","potentialAction":[{"@type":"ReadAction","target":["https:\/\/www.profexpo.ee\/foodfest\/?lang=en"]}]},{"@type":"BreadcrumbList","@id":"https:\/\/www.profexpo.ee\/foodfest\/?lang=en#breadcrumb","itemListElement":[{"@type":"ListItem","position":1,"name":"Home","item":"https:\/\/www.profexpo.ee\/foodfest\/"},{"@type":"ListItem","position":2,"name":"Home"}]},{"@type":"WebSite","@id":"https:\/\/www.profexpo.ee\/foodfest\/#website","url":"https:\/\/www.profexpo.ee\/foodfest\/","name":"Tallinn FoodFest 2020","description":"Tallinn FoodFest 2022","potentialAction":[{"@type":"SearchAction","target":{"@type":"EntryPoint","urlTemplate":"https:\/\/www.profexpo.ee\/foodfest\/?s={search_term_string}"},"query-input":{"@type":"PropertyValueSpecification","valueRequired":true,"valueName":"search_term_string"}}],"inLanguage":"et"}]}},"_links":{"self":[{"href":"https:\/\/www.profexpo.ee\/foodfest\/wp-json\/wp\/v2\/pages\/745","targetHints":{"allow":["GET"]}}],"collection":[{"href":"https:\/\/www.profexpo.ee\/foodfest\/wp-json\/wp\/v2\/pages"}],"about":[{"href":"https:\/\/www.profexpo.ee\/foodfest\/wp-json\/wp\/v2\/types\/page"}],"author":[{"embeddable":true,"href":"https:\/\/www.profexpo.ee\/foodfest\/wp-json\/wp\/v2\/users\/2"}],"replies":[{"embeddable":true,"href":"https:\/\/www.profexpo.ee\/foodfest\/wp-json\/wp\/v2\/comments?post=745"}],"version-history":[{"count":3,"href":"https:\/\/www.profexpo.ee\/foodfest\/wp-json\/wp\/v2\/pages\/745\/revisions"}],"predecessor-version":[{"id":7495,"href":"https:\/\/www.profexpo.ee\/foodfest\/wp-json\/wp\/v2\/pages\/745\/revisions\/7495"}],"wp:attachment":[{"href":"https:\/\/www.profexpo.ee\/foodfest\/wp-json\/wp\/v2\/media?parent=745"}],"curies":[{"name":"wp","href":"https:\/\/api.w.org\/{rel}","templated":true}]}}