{"id":781,"date":"2016-03-24T15:34:14","date_gmt":"2016-03-24T13:34:14","guid":{"rendered":"http:\/\/www.profexpo.ee\/foodfest\/?page_id=781"},"modified":"2022-04-20T13:53:14","modified_gmt":"2022-04-20T10:53:14","slug":"testimonials","status":"publish","type":"page","link":"https:\/\/www.profexpo.ee\/foodfest\/exhibitor\/testimonials\/?lang=en","title":{"rendered":"Testimonials"},"content":{"rendered":"<h1><strong>Tallinn FoodFair participants testimonials<\/strong><\/h1>\n<p>Our main aim was to introduce our professional equipment to our present as well as potential new customers. Our chef-trainer was there to show how the equipment works. This enabled the customers to really see and taste the foods that were prepared. We offered fair prices to those who were interested in our products. The visitors included people who were about to open their new cafeterias as well as those who needed new equipment in their existing kitchens. We received some great direct feedback at the fair.<br \/>\n<span style=\"color: #184421;\"><strong>Aneta Savason, Metos AS, Sales Specialist<\/strong><\/span><\/p>\n<p>The fair was organised in a manner that completely met our expectations. Our main goal was to introduce the Lindstr\u00f6m and Comforta textile service solutions in the HoReCa sector. The food fair provided us with an opportunity to meet our existing cooperation partners and find new useful contacts that could be interested in the solutions that Lindstr\u00f6m has to offer. The visitors were open and interested in what we had to offer. We got a lot of feedback, new experience, and a lot of motivation.<br \/>\n<span style=\"color: #184421;\"><strong>Anastasija Aksjonova, Lindstr\u00f6m O\u00dc, Sales Manager<\/strong><\/span><\/p>\n<p>We took part in the food fair because we wanted to introduce and show our new products, get closer to the clients in the HoReCa sector, and establish new contacts. We were able to get feedback from our existing clients and receive a general understanding of how well people know the KitchenAid trademark. Our display got noticed by quite a number of visitors because our product range was colourful and varied. It was very positive that we were able to conclude several sales transactions at the fair. We also met a lot of our cooperation partners which gave us the possibility to freshen up relationships and establish new contacts. The visitors were very professional. I was positively surprised by the competent students of several vocational schools.<br \/>\n<span style=\"color: #184421;\"><strong>Erkki Vaiksaar, Home Decor O\u00dc, Kitchenaid Baltics, Member of the Board<\/strong><\/span><\/p>\n<p>As a small business we just needed to let people know that we are operating and active. We also intended to introduce our new visuals and products, and meet our long-term cooperation partners and potential new clients. We were able to fulfil all our aims and we are happy to say that people were very interested in our products. Our newest product, Evelin\u2019s bread, was very successful and the positive feedback exceeded all our expectations.<br \/>\n<span style=\"color: #184421;\"><strong>Aivo Kanem\u00e4gi, Karja pagari\u00e4ri O\u00dc, Manager<\/strong><\/span><\/p>\n<p>Our main idea was to introduce PACKLAB to the Estonian foodstuff industry. At the Packaging Seminar our CEO, Ian Rooney, talked about new ideas, ways of packaging and what a crucial role packaging plays when consumers judge the brand and the quality of the product itself. It was a great experience to be at the fair as we received a lot of new interesting contacts and knowledge of the Baltic markets, which will now help us to develop and tailor our service offering to this market area.\u00a0The visitors had clear aims when visiting our stand. It often surprises the decision-makers how complex packaging can be. Therefore, I consider the fair to be a good introductory platform for meeting and talking about different packaging projects.<br \/>\n<span style=\"color: #184421;\"><strong>Dick Karlsson, PACKLAB, Business Developer<\/strong><\/span><\/p>\n<p>As a company operating in both Retail and HoReCa segments we found the fair to be a good means of showing our products. Our main goal was to present our novelties and assortment to the existing and potential clients. There were many different people both from the HoReCa and Retail sectors interested in our products (consumers, retail chain and shop managers, cooks, restaurant owner). The fair definitely met our expectations.<br \/>\n<span style=\"color: #184421;\"><strong>Andrejs Ste\u013cma\u010donoks, FARM FRITES Area Manager Baltic States<\/strong><\/span><\/p>\n<p>We aimed to find a distributor of frozen bakery products in Estonia as well as promote our products. Not only did we find a distributor at the fair but we also established contacts with several potential customers from Scandinavia and Finland. We got real customers from the fair!<br \/>\n<span style=\"color: #184421;\"><strong>Gunta Zepa, Cannelle Bakery Export Manager<\/strong><\/span><\/p>\n<p>Our goal was to enter the Estonian market, introduce our products, and attract new customers. We were able to fulfil all three goals! We got noticed by several distributors and companies. At the end of the fair we were able to sign a cooperation agreement with a distributor that has a strong position in our product range (biscuits) in the Estonian market.<br \/>\n<span style=\"color: #184421;\"><strong>Toms Malmeisters, Maris &amp; CO Export Manager<\/strong><\/span><\/p>\n<p>&nbsp;<\/p>\n","protected":false},"excerpt":{"rendered":"Tallinn FoodFair participants testimonials Our main aim was to introduce our professional equipment to our present as well as potential new customers. Our chef-trainer was there to show how the equipment works. This enabled the customers to really see and taste the foods that were prepared. We offered fair prices to those who were interested&#8230; <a class=\"view-article\" href=\"https:\/\/www.profexpo.ee\/foodfest\/exhibitor\/testimonials\/?lang=en\">Loe edasi<\/a>","protected":false},"author":3,"featured_media":0,"parent":738,"menu_order":11,"comment_status":"closed","ping_status":"closed","template":"","meta":{"footnotes":""},"class_list":["post-781","page","type-page","status-publish","hentry"],"yoast_head":"<!-- This site is optimized with the Yoast SEO plugin v24.7 - https:\/\/yoast.com\/wordpress\/plugins\/seo\/ -->\n<title>Testimonials - Tallinn FoodFest 2022<\/title>\n<meta name=\"robots\" content=\"index, follow, max-snippet:-1, max-image-preview:large, max-video-preview:-1\" \/>\n<link rel=\"canonical\" href=\"https:\/\/www.profexpo.ee\/foodfest\/exhibitor\/testimonials\/?lang=en\" \/>\n<meta property=\"og:locale\" content=\"et_EE\" \/>\n<meta property=\"og:type\" content=\"article\" \/>\n<meta property=\"og:title\" content=\"Testimonials - Tallinn FoodFest 2022\" \/>\n<meta property=\"og:description\" content=\"Tallinn FoodFair participants testimonials Our main aim was to introduce our professional equipment to our present as well as potential new customers. Our chef-trainer was there to show how the equipment works. This enabled the customers to really see and taste the foods that were prepared. We offered fair prices to those who were interested... Loe edasi\" \/>\n<meta property=\"og:url\" content=\"https:\/\/www.profexpo.ee\/foodfest\/exhibitor\/testimonials\/?lang=en\" \/>\n<meta property=\"og:site_name\" content=\"Tallinn FoodFest 2022\" \/>\n<meta property=\"article:modified_time\" content=\"2022-04-20T10:53:14+00:00\" \/>\n<meta name=\"twitter:card\" content=\"summary_large_image\" \/>\n<meta name=\"twitter:label1\" content=\"Est. reading time\" \/>\n\t<meta name=\"twitter:data1\" content=\"4 minutit\" \/>\n<script type=\"application\/ld+json\" class=\"yoast-schema-graph\">{\"@context\":\"https:\/\/schema.org\",\"@graph\":[{\"@type\":\"WebPage\",\"@id\":\"https:\/\/www.profexpo.ee\/foodfest\/exhibitor\/testimonials\/?lang=en\",\"url\":\"https:\/\/www.profexpo.ee\/foodfest\/exhibitor\/testimonials\/?lang=en\",\"name\":\"Testimonials - Tallinn FoodFest 2022\",\"isPartOf\":{\"@id\":\"https:\/\/www.profexpo.ee\/foodfest\/#website\"},\"datePublished\":\"2016-03-24T13:34:14+00:00\",\"dateModified\":\"2022-04-20T10:53:14+00:00\",\"breadcrumb\":{\"@id\":\"https:\/\/www.profexpo.ee\/foodfest\/exhibitor\/testimonials\/?lang=en#breadcrumb\"},\"inLanguage\":\"et\",\"potentialAction\":[{\"@type\":\"ReadAction\",\"target\":[\"https:\/\/www.profexpo.ee\/foodfest\/exhibitor\/testimonials\/?lang=en\"]}]},{\"@type\":\"BreadcrumbList\",\"@id\":\"https:\/\/www.profexpo.ee\/foodfest\/exhibitor\/testimonials\/?lang=en#breadcrumb\",\"itemListElement\":[{\"@type\":\"ListItem\",\"position\":1,\"name\":\"Home\",\"item\":\"https:\/\/www.profexpo.ee\/foodfest\/\"},{\"@type\":\"ListItem\",\"position\":2,\"name\":\"Exhibitor\",\"item\":\"https:\/\/www.profexpo.ee\/foodfest\/exhibitor\/?lang=en\"},{\"@type\":\"ListItem\",\"position\":3,\"name\":\"Testimonials\"}]},{\"@type\":\"WebSite\",\"@id\":\"https:\/\/www.profexpo.ee\/foodfest\/#website\",\"url\":\"https:\/\/www.profexpo.ee\/foodfest\/\",\"name\":\"Tallinn FoodFest 2020\",\"description\":\"Tallinn FoodFest 2022\",\"potentialAction\":[{\"@type\":\"SearchAction\",\"target\":{\"@type\":\"EntryPoint\",\"urlTemplate\":\"https:\/\/www.profexpo.ee\/foodfest\/?s={search_term_string}\"},\"query-input\":{\"@type\":\"PropertyValueSpecification\",\"valueRequired\":true,\"valueName\":\"search_term_string\"}}],\"inLanguage\":\"et\"}]}<\/script>\n<!-- \/ Yoast SEO plugin. -->","yoast_head_json":{"title":"Testimonials - Tallinn FoodFest 2022","robots":{"index":"index","follow":"follow","max-snippet":"max-snippet:-1","max-image-preview":"max-image-preview:large","max-video-preview":"max-video-preview:-1"},"canonical":"https:\/\/www.profexpo.ee\/foodfest\/exhibitor\/testimonials\/?lang=en","og_locale":"et_EE","og_type":"article","og_title":"Testimonials - Tallinn FoodFest 2022","og_description":"Tallinn FoodFair participants testimonials Our main aim was to introduce our professional equipment to our present as well as potential new customers. Our chef-trainer was there to show how the equipment works. This enabled the customers to really see and taste the foods that were prepared. We offered fair prices to those who were interested... Loe edasi","og_url":"https:\/\/www.profexpo.ee\/foodfest\/exhibitor\/testimonials\/?lang=en","og_site_name":"Tallinn FoodFest 2022","article_modified_time":"2022-04-20T10:53:14+00:00","twitter_card":"summary_large_image","twitter_misc":{"Est. reading time":"4 minutit"},"schema":{"@context":"https:\/\/schema.org","@graph":[{"@type":"WebPage","@id":"https:\/\/www.profexpo.ee\/foodfest\/exhibitor\/testimonials\/?lang=en","url":"https:\/\/www.profexpo.ee\/foodfest\/exhibitor\/testimonials\/?lang=en","name":"Testimonials - Tallinn FoodFest 2022","isPartOf":{"@id":"https:\/\/www.profexpo.ee\/foodfest\/#website"},"datePublished":"2016-03-24T13:34:14+00:00","dateModified":"2022-04-20T10:53:14+00:00","breadcrumb":{"@id":"https:\/\/www.profexpo.ee\/foodfest\/exhibitor\/testimonials\/?lang=en#breadcrumb"},"inLanguage":"et","potentialAction":[{"@type":"ReadAction","target":["https:\/\/www.profexpo.ee\/foodfest\/exhibitor\/testimonials\/?lang=en"]}]},{"@type":"BreadcrumbList","@id":"https:\/\/www.profexpo.ee\/foodfest\/exhibitor\/testimonials\/?lang=en#breadcrumb","itemListElement":[{"@type":"ListItem","position":1,"name":"Home","item":"https:\/\/www.profexpo.ee\/foodfest\/"},{"@type":"ListItem","position":2,"name":"Exhibitor","item":"https:\/\/www.profexpo.ee\/foodfest\/exhibitor\/?lang=en"},{"@type":"ListItem","position":3,"name":"Testimonials"}]},{"@type":"WebSite","@id":"https:\/\/www.profexpo.ee\/foodfest\/#website","url":"https:\/\/www.profexpo.ee\/foodfest\/","name":"Tallinn FoodFest 2020","description":"Tallinn FoodFest 2022","potentialAction":[{"@type":"SearchAction","target":{"@type":"EntryPoint","urlTemplate":"https:\/\/www.profexpo.ee\/foodfest\/?s={search_term_string}"},"query-input":{"@type":"PropertyValueSpecification","valueRequired":true,"valueName":"search_term_string"}}],"inLanguage":"et"}]}},"_links":{"self":[{"href":"https:\/\/www.profexpo.ee\/foodfest\/wp-json\/wp\/v2\/pages\/781","targetHints":{"allow":["GET"]}}],"collection":[{"href":"https:\/\/www.profexpo.ee\/foodfest\/wp-json\/wp\/v2\/pages"}],"about":[{"href":"https:\/\/www.profexpo.ee\/foodfest\/wp-json\/wp\/v2\/types\/page"}],"author":[{"embeddable":true,"href":"https:\/\/www.profexpo.ee\/foodfest\/wp-json\/wp\/v2\/users\/3"}],"replies":[{"embeddable":true,"href":"https:\/\/www.profexpo.ee\/foodfest\/wp-json\/wp\/v2\/comments?post=781"}],"version-history":[{"count":5,"href":"https:\/\/www.profexpo.ee\/foodfest\/wp-json\/wp\/v2\/pages\/781\/revisions"}],"predecessor-version":[{"id":13247,"href":"https:\/\/www.profexpo.ee\/foodfest\/wp-json\/wp\/v2\/pages\/781\/revisions\/13247"}],"up":[{"embeddable":true,"href":"https:\/\/www.profexpo.ee\/foodfest\/wp-json\/wp\/v2\/pages\/738"}],"wp:attachment":[{"href":"https:\/\/www.profexpo.ee\/foodfest\/wp-json\/wp\/v2\/media?parent=781"}],"curies":[{"name":"wp","href":"https:\/\/api.w.org\/{rel}","templated":true}]}}

<h1><strong>Tallinn FoodFair participants testimonials</strong></h1>
<p>Our main aim was to introduce our professional equipment to our present as well as potential new customers. Our chef-trainer was there to show how the equipment works. This enabled the customers to really see and taste the foods that were prepared. We offered fair prices to those who were interested in our products. The visitors included people who were about to open their new cafeterias as well as those who needed new equipment in their existing kitchens. We received some great direct feedback at the fair.<br />
<span style="color: #184421;"><strong>Aneta Savason, Metos AS, Sales Specialist</strong></span></p>
<p>The fair was organised in a manner that completely met our expectations. Our main goal was to introduce the Lindström and Comforta textile service solutions in the HoReCa sector. The food fair provided us with an opportunity to meet our existing cooperation partners and find new useful contacts that could be interested in the solutions that Lindström has to offer. The visitors were open and interested in what we had to offer. We got a lot of feedback, new experience, and a lot of motivation.<br />
<span style="color: #184421;"><strong>Anastasija Aksjonova, Lindström OÜ, Sales Manager</strong></span></p>
<p>We took part in the food fair because we wanted to introduce and show our new products, get closer to the clients in the HoReCa sector, and establish new contacts. We were able to get feedback from our existing clients and receive a general understanding of how well people know the KitchenAid trademark. Our display got noticed by quite a number of visitors because our product range was colourful and varied. It was very positive that we were able to conclude several sales transactions at the fair. We also met a lot of our cooperation partners which gave us the possibility to freshen up relationships and establish new contacts. The visitors were very professional. I was positively surprised by the competent students of several vocational schools.<br />
<span style="color: #184421;"><strong>Erkki Vaiksaar, Home Decor OÜ, Kitchenaid Baltics, Member of the Board</strong></span></p>
<p>As a small business we just needed to let people know that we are operating and active. We also intended to introduce our new visuals and products, and meet our long-term cooperation partners and potential new clients. We were able to fulfil all our aims and we are happy to say that people were very interested in our products. Our newest product, Evelin’s bread, was very successful and the positive feedback exceeded all our expectations.<br />
<span style="color: #184421;"><strong>Aivo Kanemägi, Karja pagariäri OÜ, Manager</strong></span></p>
<p>Our main idea was to introduce PACKLAB to the Estonian foodstuff industry. At the Packaging Seminar our CEO, Ian Rooney, talked about new ideas, ways of packaging and what a crucial role packaging plays when consumers judge the brand and the quality of the product itself. It was a great experience to be at the fair as we received a lot of new interesting contacts and knowledge of the Baltic markets, which will now help us to develop and tailor our service offering to this market area. The visitors had clear aims when visiting our stand. It often surprises the decision-makers how complex packaging can be. Therefore, I consider the fair to be a good introductory platform for meeting and talking about different packaging projects.<br />
<span style="color: #184421;"><strong>Dick Karlsson, PACKLAB, Business Developer</strong></span></p>
<p>As a company operating in both Retail and HoReCa segments we found the fair to be a good means of showing our products. Our main goal was to present our novelties and assortment to the existing and potential clients. There were many different people both from the HoReCa and Retail sectors interested in our products (consumers, retail chain and shop managers, cooks, restaurant owner). The fair definitely met our expectations.<br />
<span style="color: #184421;"><strong>Andrejs Steļmačonoks, FARM FRITES Area Manager Baltic States</strong></span></p>
<p>We aimed to find a distributor of frozen bakery products in Estonia as well as promote our products. Not only did we find a distributor at the fair but we also established contacts with several potential customers from Scandinavia and Finland. We got real customers from the fair!<br />
<span style="color: #184421;"><strong>Gunta Zepa, Cannelle Bakery Export Manager</strong></span></p>
<p>Our goal was to enter the Estonian market, introduce our products, and attract new customers. We were able to fulfil all three goals! We got noticed by several distributors and companies. At the end of the fair we were able to sign a cooperation agreement with a distributor that has a strong position in our product range (biscuits) in the Estonian market.<br />
<span style="color: #184421;"><strong>Toms Malmeisters, Maris &amp; CO Export Manager</strong></span></p>
<p>&nbsp;</p>
