{"id":10,"date":"2015-08-06T10:47:13","date_gmt":"2015-08-06T10:47:13","guid":{"rendered":"http:\/\/www.profexpo.ee\/messukeskus\/?page_id=10"},"modified":"2024-12-11T18:33:07","modified_gmt":"2024-12-11T16:33:07","slug":"kontakt","status":"publish","type":"page","link":"https:\/\/www.profexpo.ee\/messukeskus\/kontakt\/","title":{"rendered":"Kontakt"},"content":{"rendered":"<p><strong>Profexpo O\u00dc<\/strong><\/p>\n<p>B\u00fcroo: Ahtri 12-209<br \/>Tallinn 10151, Eesti<\/p>\n<p>Telefon: (+372) 626 1347<br \/>E-post: <a href=\"mailto:info@profexpo.ee\">info (at) profexpo.ee<\/a><\/p>\n<p>Profexpo O\u00dc on Helsingi Messikeskuse ametlik esindaja Eestis aastast 2004. Me pakume soodushinnaga messip\u00e4\u00e4smeid, erialak\u00fclastajatele kutseid, organiseerime messireise. Me vahendame messipindasid ning aitame eksponeerimisk\u00fcsimustega.<\/p>\n<p>Oleme abiks messil eksponendina osalejatele \u2013 nii \u00fcksikstendide kui \u00fchisstendide korraldamisel. Toetame Eesti ettev\u00f5tteid messi ettevalmistusel, stendiehituses ja kujundamisel kui ka vahetul osalemisel.<\/p>\n<p>Profexpo O\u00dc on messinduse alale spetsialiseerununa \u00fcks vanemaid ettev\u00f5tteid Eestis. Oleme Eestis toimuvate toidumesside traditsiooni looja. Esimene Tallinna Toidumess toimus 1993. aastal. Tuntust on kogunud ka Tallinn Coffee Festival, mida korraldame aastast 2017.<\/p>\n<p>Reg nr: 10041247<br \/>KM nr: EE100259243<br \/>Swedbank, IBAN: EE742200221001169606<\/p>\n\n\n<figure class=\"wp-block-image size-large\"><img loading=\"lazy\" decoding=\"async\" width=\"700\" height=\"116\" src=\"https:\/\/www.profexpo.ee\/messukeskus\/wp-content\/uploads\/2024\/11\/20a_koos_jalus-01-700x116.jpg\" alt=\"\" class=\"wp-image-4941\" srcset=\"https:\/\/www.profexpo.ee\/messukeskus\/wp-content\/uploads\/2024\/11\/20a_koos_jalus-01-700x116.jpg 700w, https:\/\/www.profexpo.ee\/messukeskus\/wp-content\/uploads\/2024\/11\/20a_koos_jalus-01-250x41.jpg 250w, https:\/\/www.profexpo.ee\/messukeskus\/wp-content\/uploads\/2024\/11\/20a_koos_jalus-01-150x25.jpg 150w, https:\/\/www.profexpo.ee\/messukeskus\/wp-content\/uploads\/2024\/11\/20a_koos_jalus-01-768x127.jpg 768w, https:\/\/www.profexpo.ee\/messukeskus\/wp-content\/uploads\/2024\/11\/20a_koos_jalus-01-120x20.jpg 120w, https:\/\/www.profexpo.ee\/messukeskus\/wp-content\/uploads\/2024\/11\/20a_koos_jalus-01.jpg 1263w\" sizes=\"auto, (max-width: 700px) 100vw, 700px\" \/><\/figure>\n","protected":false},"excerpt":{"rendered":"Profexpo O\u00dc B\u00fcroo: Ahtri 12-209Tallinn 10151, Eesti Telefon: (+372) 626 1347E-post: info (at) profexpo.ee Profexpo O\u00dc on Helsingi Messikeskuse ametlik esindaja Eestis aastast 2004. Me pakume soodushinnaga messip\u00e4\u00e4smeid, erialak\u00fclastajatele kutseid, organiseerime messireise. Me vahendame messipindasid ning aitame eksponeerimisk\u00fcsimustega. Oleme abiks messil eksponendina osalejatele \u2013 nii \u00fcksikstendide kui \u00fchisstendide korraldamisel. Toetame Eesti ettev\u00f5tteid messi ettevalmistusel, stendiehituses&#8230; <a class=\"view-article\" href=\"https:\/\/www.profexpo.ee\/messukeskus\/kontakt\/\">View Article<\/a>","protected":false},"author":1,"featured_media":0,"parent":0,"menu_order":0,"comment_status":"closed","ping_status":"closed","template":"","meta":{"footnotes":""},"class_list":["post-10","page","type-page","status-publish","hentry"],"publishpress_future_action":{"enabled":false,"date":"2026-05-09 14:23:07","action":"change-status","newStatus":"draft","terms":[],"taxonomy":"","extraData":[]},"publishpress_future_workflow_manual_trigger":{"enabledWorkflows":[]},"_links":{"self":[{"href":"https:\/\/www.profexpo.ee\/messukeskus\/wp-json\/wp\/v2\/pages\/10","targetHints":{"allow":["GET"]}}],"collection":[{"href":"https:\/\/www.profexpo.ee\/messukeskus\/wp-json\/wp\/v2\/pages"}],"about":[{"href":"https:\/\/www.profexpo.ee\/messukeskus\/wp-json\/wp\/v2\/types\/page"}],"author":[{"embeddable":true,"href":"https:\/\/www.profexpo.ee\/messukeskus\/wp-json\/wp\/v2\/users\/1"}],"replies":[{"embeddable":true,"href":"https:\/\/www.profexpo.ee\/messukeskus\/wp-json\/wp\/v2\/comments?post=10"}],"version-history":[{"count":5,"href":"https:\/\/www.profexpo.ee\/messukeskus\/wp-json\/wp\/v2\/pages\/10\/revisions"}],"predecessor-version":[{"id":5013,"href":"https:\/\/www.profexpo.ee\/messukeskus\/wp-json\/wp\/v2\/pages\/10\/revisions\/5013"}],"wp:attachment":[{"href":"https:\/\/www.profexpo.ee\/messukeskus\/wp-json\/wp\/v2\/media?parent=10"}],"curies":[{"name":"wp","href":"https:\/\/api.w.org\/{rel}","templated":true}]}}