{"id":776,"date":"2016-06-02T14:00:36","date_gmt":"2016-06-02T12:00:36","guid":{"rendered":"http:\/\/www.profexpo.ee\/messukeskus\/?page_id=776"},"modified":"2017-08-11T11:41:05","modified_gmt":"2017-08-11T09:41:05","slug":"registreerimisvorm-habitare-messikulastusreisile","status":"publish","type":"page","link":"https:\/\/www.profexpo.ee\/messukeskus\/registreerimisvorm-habitare-messikulastusreisile\/","title":{"rendered":"Registreerimisvorm Habitare messik\u00fclastusreisile"},"content":{"rendered":"<p>Soovin k\u00fclastada Helsingi messikeskuses toimuvat Habitare\u00a02017 messi.<br \/>\nLuban Profexpo O\u00dc-l kasutada info saatmiseks minu e-posti aadressi.<\/p>\n<p>Juhime t\u00e4helepanu, et all olevate pakettide erinevused on tagasituleku v\u00e4ljumisaegades ja laeva firmades ning kas soovite tellida ka \u00f5htus\u00f6\u00f6gi buffeed.<\/p>\n<p>Tellimuse t\u00fchistamine ilma kulusid kandmata on v\u00f5imalik kuni 25.08.2017.<\/p>\n<p>[form form-8]<\/p>\n<p>M\u00e4rkus. Kui soovite sisestada mitme reisija andmed, siis peale SAADA vajutamist v\u00f5ite\u00a0valida BACK\/TAGASI ja saate eelnevalt t\u00e4idetu asendada uute andmetega.<\/p>\n<p>Info ja arve saadame v\u00e4lja hiljemalt 6.09.2017.<\/p>\n<p>Profexpo O\u00dc<br \/>\nAhtri 12-209<br \/>\n10151 Tallinn<br \/>\nTel 626 1347<\/p>\n","protected":false},"excerpt":{"rendered":"Soovin k\u00fclastada Helsingi messikeskuses toimuvat Habitare\u00a02017 messi. Luban Profexpo O\u00dc-l kasutada info saatmiseks minu e-posti aadressi. Juhime t\u00e4helepanu, et all olevate pakettide erinevused on tagasituleku v\u00e4ljumisaegades ja laeva firmades ning kas soovite tellida ka \u00f5htus\u00f6\u00f6gi buffeed. Tellimuse t\u00fchistamine ilma kulusid kandmata on v\u00f5imalik kuni 25.08.2017. [form form-8] M\u00e4rkus. Kui soovite sisestada mitme reisija andmed, siis&#8230; <a class=\"view-article\" href=\"https:\/\/www.profexpo.ee\/messukeskus\/registreerimisvorm-habitare-messikulastusreisile\/\">View Article<\/a>","protected":false},"author":1,"featured_media":0,"parent":0,"menu_order":0,"comment_status":"closed","ping_status":"closed","template":"","meta":{"footnotes":""},"class_list":["post-776","page","type-page","status-publish","hentry"],"publishpress_future_action":{"enabled":false,"date":"2026-04-29 08:12:15","action":"change-status","newStatus":"draft","terms":[],"taxonomy":"","extraData":[]},"publishpress_future_workflow_manual_trigger":{"enabledWorkflows":[]},"_links":{"self":[{"href":"https:\/\/www.profexpo.ee\/messukeskus\/wp-json\/wp\/v2\/pages\/776","targetHints":{"allow":["GET"]}}],"collection":[{"href":"https:\/\/www.profexpo.ee\/messukeskus\/wp-json\/wp\/v2\/pages"}],"about":[{"href":"https:\/\/www.profexpo.ee\/messukeskus\/wp-json\/wp\/v2\/types\/page"}],"author":[{"embeddable":true,"href":"https:\/\/www.profexpo.ee\/messukeskus\/wp-json\/wp\/v2\/users\/1"}],"replies":[{"embeddable":true,"href":"https:\/\/www.profexpo.ee\/messukeskus\/wp-json\/wp\/v2\/comments?post=776"}],"version-history":[{"count":5,"href":"https:\/\/www.profexpo.ee\/messukeskus\/wp-json\/wp\/v2\/pages\/776\/revisions"}],"predecessor-version":[{"id":1448,"href":"https:\/\/www.profexpo.ee\/messukeskus\/wp-json\/wp\/v2\/pages\/776\/revisions\/1448"}],"wp:attachment":[{"href":"https:\/\/www.profexpo.ee\/messukeskus\/wp-json\/wp\/v2\/media?parent=776"}],"curies":[{"name":"wp","href":"https:\/\/api.w.org\/{rel}","templated":true}]}}